{"id":1816,"date":"2020-05-02T09:10:39","date_gmt":"2020-05-02T09:10:39","guid":{"rendered":"http:\/\/www.johanna-swist.de\/wpjs\/?page_id=1816"},"modified":"2022-06-05T12:12:10","modified_gmt":"2022-06-05T12:12:10","slug":"recht-privatperson","status":"publish","type":"page","link":"https:\/\/www.johanna-swist.de\/wpjs\/de\/recht-privatperson\/","title":{"rendered":"Forderungseinzug: Zivilrecht &#8211; Recht der Privatpersonen in einer komplexen und flexibilisierten Welt&#8230;."},"content":{"rendered":"<h1 style=\"text-align: center;\"><span style=\"color: #000000;\">Zivilrecht: Recht der Vertr\u00e4ge und des Schadensersatzes<\/span><\/h1>\n<p style=\"text-align: right;\"><button id=\"bb1\" type=\"button\" value=\"Play\" class=\"responsivevoice-button\" title=\"ResponsiveVoice Tap to Start\/Stop Speech\"><span>&#128266; Text anh\u00f6ren<\/span><\/button>\n        <script>\n            bb1.onclick = function(){\n                if(responsiveVoice.isPlaying()){\n                    responsiveVoice.cancel();\n                }else{\n                    responsiveVoice.speak(\"Immer dann, wenn Anspr\u00fcche aus einem Vertrag oder Schadensersatz gefordert werden, befinden wir uns im Bereich des Zivilrechts. Es geht damit hauts\u00e4chlich oder zumindest als Nebenforderung um zu zahlende Geldbetr\u00e4ge. Aber auch das Erbrecht wie auch das Familienrecht sind Teilgebiete des Zivilrechts. Auch hier geht es zumeist um geldwerte Forderungen, sei es wenn wir Unterhalt, Verm\u00f6gensausgleich oder einen Pflichtteil einfordern. Daran sehen Sie schon, dass es sich um ein sehr breites Feld handelt, denn in der Regel schlie\u00dfen Sie nicht nur einen Vertrag pro Tag. Sie kaufen ein, schlie\u00dfen Versicherungs- und Telekommunikationsvertr\u00e4ge ab. Das Zivilrecht pr\u00e4gt jeden Tag. Es wirkt sich sogar auf das Zusammenleben aus, wenn beispielsweise eine Immobilie auf Kredit erworben wird oder ein Unfall passiert. Von\u00a0 besonderer Bedeutung sind Vertr\u00e4ge, die Sie im beruflichen Bereich abschlie\u00dfen. Sie leisten als Unternehmer eine Dienstleistung oder verkaufen eine Sache oder ein Recht. Dann erwarten Sie die Verg\u00fctung. Diese wird in der Regel geleistet. Aber das ist nur der Regelfall. Teilweise bleibt die Zahlung aus. Es kann unberechtigt oder berechtigt erfolgen. Die schlechte Ausf\u00fchrung eines Werkvertrages kann einen Grund f\u00fcr das Ausbleiben der Zahlung darstellen. Die Rechtsanwaltskanzlei Swist steht Ihnen im Bereich des Zivilrechts zur Seite. Sie k\u00f6nnen mit einer individuelle Beratung rechnen. Wenn Sie sich mit Ihrem Anliegen an uns wenden, erteilen wir Ihnen eine umfassende, vertrauensw\u00fcrdige Beratung. Wir befassen uns mit F\u00e4llen und Rechtsbereichen, mit denen jeder in Ber\u00fchrung kommt. Unannehmlichkeiten sowie essentielle Lebensver\u00e4nderungen nehmen wir uns sehr zu Herzen und erteilen, damit Sie m\u00f6gichst hohe Vorteile erlangen bzw. Ihre Einbu\u00dfen minimieren. Mit unserem Wissen und unsere Vertretung unterst\u00fctzen wir Sie aktiv. Wir arbeiten f\u00fcr Sie engagiert und wirkungsvoll. Wir freuen uns auf Ihren Anruf und die Vereinbarung eines Besprechungstermins.\", \"Deutsch Female\");\n                }\n            };\n        <\/script>\n    <\/p>\n<p style=\"text-align: justify;\"><span style=\"color: #000000;\">Immer dann, wenn Anspr\u00fcche aus einem Vertrag oder Schadensersatz gefordert werden, befinden wir uns im Bereich des Zivilrechts. Es geht damit hauts\u00e4chlich oder zumindest als Nebenforderung um zu zahlende Geldbetr\u00e4ge. <\/span><\/p>\n<p style=\"text-align: justify;\"><span style=\"color: #000000;\">Aber auch das Erbrecht wie auch das Familienrecht sind Teilgebiete des Zivilrechts. Auch hier geht es zumeist um geldwerte Forderungen, sei es wenn wir Unterhalt, Verm\u00f6gensausgleich oder einen Pflichtteil einfordern.<\/span><\/p>\n<p style=\"text-align: justify;\"><span style=\"color: #000000;\">Daran sehen Sie schon, dass es sich um ein sehr breites Feld handelt, denn in der Regel schlie\u00dfen Sie nicht nur einen Vertrag pro Tag. Sie kaufen ein, schlie\u00dfen Versicherungs- und Telekommunikationsvertr\u00e4ge ab. Das Zivilrecht pr\u00e4gt jeden Tag. Es wirkt sich sogar auf das Zusammenleben aus, wenn beispielsweise eine Immobilie auf Kredit erworben wird oder ein Unfall passiert.<\/span><\/p>\n<p style=\"text-align: justify;\"><span style=\"color: #000000;\">Von\u00a0 besonderer Bedeutung sind Vertr\u00e4ge, die Sie im beruflichen Bereich abschlie\u00dfen. Sie leisten als Unternehmer eine Dienstleistung oder verkaufen eine Sache oder ein Recht. Dann erwarten Sie die Verg\u00fctung. Diese wird in der Regel geleistet. Aber das ist nur der Regelfall. Teilweise bleibt die Zahlung aus. Es kann unberechtigt oder berechtigt erfolgen. Die schlechte Ausf\u00fchrung eines Werkvertrages kann einen Grund f\u00fcr das Ausbleiben der Zahlung darstellen.<\/span><\/p>\n<p style=\"text-align: justify;\"><span style=\"color: #000000;\">Die Rechtsanwaltskanzlei Swist steht Ihnen im Bereich des Zivilrechts zur Seite. Sie k\u00f6nnen mit einer individuelle Beratung rechnen. Wenn Sie sich mit Ihrem Anliegen an uns wenden, erteilen wir Ihnen eine umfassende, vertrauensw\u00fcrdige Beratung. Wir befassen uns mit F\u00e4llen und Rechtsbereichen, mit denen jeder in Ber\u00fchrung kommt. Unannehmlichkeiten sowie essentielle Lebensver\u00e4nderungen nehmen wir uns sehr zu Herzen und erteilen, damit Sie m\u00f6gichst hohe Vorteile erlangen bzw. Ihre Einbu\u00dfen minimieren. Mit unserem Wissen und unsere Vertretung unterst\u00fctzen wir Sie aktiv. Wir arbeiten f\u00fcr Sie engagiert und wirkungsvoll.<br \/>\n<\/span><\/p>\n<p><span style=\"color: #000000;\">Wir freuen uns auf Ihren Anruf und die Vereinbarung eines Besprechungstermins.<\/span><\/p>\n<p><\/p>\n<p>&nbsp;<\/p>\n<p style=\"text-align: center;\"><span style=\"color: #999999;\">____________________________________________<\/span><\/p>\n<p>&nbsp;<\/p>\n<p>&nbsp;<\/p>\n<h2 style=\"text-align: center;\"><span style=\"color: #000000;\">Zivilrecht: Forderungseinzug<\/span><\/h2>\n<p style=\"text-align: justify;\"><span style=\"color: #000000;\">\u00a0<\/span><br \/>\n<span style=\"color: #000000;\">In 90% aller F\u00e4lle des Zivilrechts geht es um Geldforderungen. Wir befinden uns also im Bereich des Forderungseinzugs. Auf unserer Seite Forderungsrecht erhalten Sie umfassende Infos zu vielen Fragen:<\/span><\/p>\n<p style=\"text-align: center;\"><a class=\"maxbutton-32 maxbutton maxbutton-sonstige-zivilrechtliche-anspruche\" title=\"Sonstige vertragliche und gesetzliche Anspr\u00fcche\" href=\"http:\/\/www.johanna-swist.de\/wpjs\/de\/forderungseinzug-sonstige-vertragliche-und-gesetzliche-ansprueche\/\"><span class='mb-text'>Sonstige zivilrechtliche Anspr\u00fcche<\/span><\/a><\/p>\n<p>&nbsp;<\/p>\n<p style=\"text-align: justify;\"><span style=\"color: #000000;\">Einige weitere Informationen zum Ablauf des Forderungseinzugs finden Sie im nachfolgenden Bereich:<\/span><\/p>\n<ul>\n<li><span style=\"color: #027063;\">Mahnverfahren<\/span><span style=\"color: #027063;\">:<\/span><a href=\"http:\/\/www.johanna-swist.de\/wpjs\/de\/mahnverfahren-und-mahnung\/\"><span style=\"color: #027063;\"><span style=\"color: #000000;\"> hier geht\u00b4s weiter!<\/span><\/span><\/a><\/li>\n<li><span style=\"color: #027063;\">Gerichtliches Mahnverfahren<\/span><span style=\"color: #027063;\">:<\/span> <a href=\"http:\/\/www.johanna-swist.de\/wpjs\/de\/gerichtliches-mahnverfahren-mahnbescheid\/\"><span style=\"color: #027063;\"><span style=\"color: #000000;\">hier geht\u00b4s weiter!<\/span><\/span><\/a><\/li>\n<li><span style=\"color: #027063;\">Europ\u00e4isches Mahnverfahren<\/span><span style=\"color: #027063;\">:<\/span><a href=\"http:\/\/www.johanna-swist.de\/wpjs\/de\/europaeisches-mahnverfahren\/\"><span style=\"color: #027063;\"><span style=\"color: #000000;\"> hier geht\u00b4s weiter!<\/span><\/span><\/a><\/li>\n<li><span style=\"color: #027063;\">Klageverfahren nach gerichtlichen Mahnverfahren<\/span><span style=\"color: #027063;\">:<\/span><a href=\"http:\/\/www.johanna-swist.de\/wpjs\/de\/klageverfahren-nach-gerichtlichen-mahnverfahren\/\"><span style=\"color: #027063;\"><span style=\"color: #000000;\"> hier geht\u00b4s weiter!<\/span><\/span><\/a><\/li>\n<li><span style=\"color: #027063;\">Zwangsvollstreckung<\/span><span style=\"color: #027063;\">:<\/span><a href=\"http:\/\/www.johanna-swist.de\/wpjs\/de\/zwangsvollstreckung-wenn-der-schuldner-trotz-eines-urteils-nicht-zahlen-moechte\/\"><span style=\"color: #027063;\"><span style=\"color: #000000;\"> hier geht\u00b4s weiter!<\/span><\/span><\/a><\/li>\n<li><span style=\"color: #027063;\">Abwehr unberechtigter Forderungen<\/span><span style=\"color: #027063;\">:<\/span> <a href=\"http:\/\/www.johanna-swist.de\/wpjs\/de\/unberechtigte-forderungen\/\"><span style=\"color: #027063;\"><span style=\"color: #000000;\">hier geht\u00b4s weiter!<\/span><\/span><\/a><\/li>\n<\/ul>\n<p><span style=\"color: #000000;\">\u00a0<\/span><\/p>\n<p style=\"text-align: center;\"><span style=\"color: #999999;\">____________________________________________<\/span><\/p>\n<p>&nbsp;<\/p>\n<p>&nbsp;<\/p>\n<h2 style=\"text-align: center;\"><span style=\"color: #000000;\">Zivilrecht: Unsere Dienstleistungen<\/span><\/h2>\n<p>&nbsp;<\/p>\n<p style=\"text-align: justify;\"><span style=\"color: #000000;\">Wenn finanzielle Forderungen betroffen sind, wenn ein Schaden auszugleichen ist, wenn ein Tun oder Unterlassen gefordert wird, oder wenn eine Person von einer anderen eine sonstige Leistung verlangt, befinden wir uns im Bereich des Zivilrechts. <\/span><\/p>\n<p style=\"text-align: justify;\"><span style=\"color: #000000;\">Die Rechtsanwaltskanzlei Swist wird in diesem Bereich f\u00fcr ihre Mandanten t\u00e4tig. Nachfolgende Bereiche besch\u00e4ftigen uns beispielsweise sehr oft:<\/span><\/p>\n<p>&nbsp;<\/p>\n<p style=\"text-align: center;\"><a class=\"maxbutton-20 maxbutton maxbutton-werkvertragsrecht-incl-bauvertrag\" title=\"Werkvertragsrecht \u2013 Werklohn, Werkerstellung, Werkmangel\u2026\" href=\"http:\/\/www.johanna-swist.de\/wpjs\/de\/werkvertragsrecht\/\"><span class='mb-text'>Bau- &amp; Werkvertragsrecht<\/span><\/a><\/p>\n<p style=\"text-align: center;\"><a class=\"maxbutton-21 maxbutton maxbutton-erbrecht\" title=\"Erbrecht \u2013 Erben und Vererben, in unserem B\u00fcro immer eine Vertrauenssache \u2026\" href=\"http:\/\/www.johanna-swist.de\/wpjs\/de\/erbrecht\/\"><span class='mb-text'>Erbrecht<\/span><\/a><\/p>\n<p style=\"text-align: center;\"><a class=\"maxbutton-24 maxbutton maxbutton-mietrecht\" title=\"Mietrecht \u2013 wenn es im Mietverh\u00e4lltnis br\u00f6ckelt, dann nervt es richtig \u2026.\" href=\"http:\/\/www.johanna-swist.de\/wpjs\/de\/mietrecht\/\"><span class='mb-text'>Mietrecht<\/span><\/a><\/p>\n<p>&nbsp;<\/p>\n<p><span style=\"color: #000000;\">Auch die Bereiche des Arbeitsrechts und des Immaterialg\u00fcterrechts z\u00e4hlen zum Zivilrecht. Sie nehmen jedoch eine eigenst\u00e4ndige Bedeutung ein.\u00a0<\/span><\/p>\n<p style=\"text-align: justify;\"><span style=\"color: #000000;\">Arbeitsrecht hat sich zu einem eigenen Rechtsgebiet mit einer eigenst\u00e4ndigen Gerichtsbarkeit entwickelt.\u00a0<\/span><\/p>\n<p style=\"text-align: center;\"><a class=\"maxbutton-3 maxbutton maxbutton-externes-personalburo\" title=\"Arbeitsrecht\" href=\"http:\/\/www.johanna-swist.de\/wpjs\/de\/arbeitsrecht\/\"><span class='mb-text'>Arbeitsrecht<\/span><\/a><\/p>\n<p>&nbsp;<\/p>\n<p style=\"text-align: justify;\"><span style=\"color: #000000;\">Indes ist das Immaterialg\u00fcterrecht sehr weitreichend und verzweigt. Neue Fragen, ausgel\u00f6st durch die technische Entwicklung, kennzeichnen das Immaterialg\u00fcterrecht.<\/span><\/p>\n<p style=\"text-align: center;\"><a class=\"maxbutton-7 maxbutton maxbutton-dienstleistungen-fur-privatpersonen\" title=\"Dienstleistungen f\u00fcr Privatpersonen: Ihr Recht in unseren treuen H\u00e4nden!\" href=\"http:\/\/www.johanna-swist.de\/wpjs\/de\/unsere-dienstleistungen-an-privatpersonen\/\"><span class='mb-text'>Dienstleistungen f\u00fcr Privatpersonen<\/span><\/a><\/p>\n<p>&nbsp;<\/p>\n<p>&nbsp;<\/p>\n<p style=\"text-align: center;\"><span style=\"color: #999999;\">____________________________________________<\/span><\/p>\n<p>&nbsp;<\/p>\n<h2 style=\"text-align: center;\"><span style=\"color: #000000;\">Zivilrecht: Hoher Beratungsbedarf<br \/>\n<\/span><\/h2>\n<p>&nbsp;<\/p>\n<p style=\"text-align: right;\"><button id=\"bb2\" type=\"button\" value=\"Play\" class=\"responsivevoice-button\" title=\"ResponsiveVoice Tap to Start\/Stop Speech\"><span>&#128266; Text anh\u00f6ren<\/span><\/button>\n        <script>\n            bb2.onclick = function(){\n                if(responsiveVoice.isPlaying()){\n                    responsiveVoice.cancel();\n                }else{\n                    responsiveVoice.speak(\"Die Welt, in der wir leben, wird immer schneller und flexibler. Wir finden neue Aufgaben, ziehen um, wechseln sogar das Land, in dem wir bislang lebten. Unsere Beziehungen enden und Neue beginnen. Selbstverst\u00e4ndlich bleiben wir mit Freunden, Bekannten und Familienangeh\u00f6rigen \u00fcber Medien, soziale Netzwerke und kurze Besuche verbunden. Und dennoch sind unsere N\u00e4chsten h\u00e4ufig kaum in den Alltag, in die t\u00e4glichen Fragen und in unsere Sorgen einbezogen. Einen objektiven und kompetenten Rat werden sie daher nicht geben k\u00f6nnen. \u00a0Kanzlei Swist \u2013 Rechtsanwaltskanzlei in D\u00fcsseldorf Ihr Recht in unseren treuen H\u00e4nden\", \"Deutsch Female\");\n                }\n            };\n        <\/script>\n    <\/p>\n<p style=\"text-align: justify;\"><span style=\"color: #000000;\">Die Welt, in der wir leben, wird immer schneller und flexibler. Wir finden neue Aufgaben, ziehen um, wechseln sogar das Land, in dem wir bislang lebten. Unsere Beziehungen enden und Neue beginnen.<\/span><\/p>\n<p style=\"text-align: justify;\"><span style=\"color: #000000;\">Selbstverst\u00e4ndlich bleiben wir mit Freunden, Bekannten und Familienangeh\u00f6rigen \u00fcber Medien, soziale Netzwerke und kurze Besuche verbunden. Und dennoch sind unsere N\u00e4chsten h\u00e4ufig kaum in den Alltag, in die t\u00e4glichen Fragen und in unsere Sorgen einbezogen. Einen objektiven und kompetenten Rat werden sie daher nicht geben k\u00f6nnen.<br \/>\n<\/span><\/p>\n<p style=\"text-align: right;\"><span style=\"color: #000000;\">\u00a0<em>Kanzlei Swist \u2013 Rechtsanwaltskanzlei in D\u00fcsseldorf<br \/>\nIhr Recht in unseren treuen H\u00e4nden<\/em><\/span><\/p>\n<p><\/p>\n<p>&nbsp;<\/p>\n<p style=\"text-align: center;\"><span style=\"color: #999999;\">____________________________________________<\/span><\/p>\n<p>&nbsp;<\/p>\n<p>&nbsp;<\/p>\n<p><a href=\"http:\/\/www.johanna-swist.de\/wpjs\/pl\/kancelaria-2\/\"><img loading=\"lazy\" decoding=\"async\" class=\"Zivilrecht aligncenter wp-image-7490\" title=\"Zivilrecht\" src=\"http:\/\/www.johanna-swist.de\/wpjs\/wp-content\/uploads\/2022\/04\/Logo-2-1-300x85.jpg\" alt=\"Zivilrecht\" width=\"498\" height=\"141\" srcset=\"https:\/\/www.johanna-swist.de\/wpjs\/wp-content\/uploads\/2022\/04\/Logo-2-1-300x85.jpg 300w, https:\/\/www.johanna-swist.de\/wpjs\/wp-content\/uploads\/2022\/04\/Logo-2-1.jpg 337w\" sizes=\"auto, (max-width: 498px) 100vw, 498px\" \/><\/a><\/p>\n<p>&nbsp;<\/p>\n<p>&nbsp;<\/p>\n<p>&nbsp;<\/p>\n<p style=\"text-align: justify;\"><div class=\"specialtext-content-left effect\"><\/p>\n<h3 style=\"text-align: center;\">Rufen Sie uns an! Tel.: <span style=\"color: #1414ff;\">0211 &#8211; 8759 8067<\/span><\/h3>\n<p><\/div><\/p>\n","protected":false},"excerpt":{"rendered":"<p>Die Rechtsanwaltskanzlei Swist ist im Bereich des Zivilrechts t\u00e4tig. Hier zeigen wir auf, wie weitrechend das Rechtsgebiet Zivilrecht ist. Sowohl Privatpersonen wie auch Unternehmer werden mit Fragen ihrer Verg\u00fctung oder der Qualit\u00e4t der erbrachten Leistung konfrontiert. <\/p>\n","protected":false},"author":1,"featured_media":2318,"parent":0,"menu_order":0,"comment_status":"closed","ping_status":"closed","template":"","meta":{"om_disable_all_campaigns":false,"_monsterinsights_skip_tracking":false,"_monsterinsights_sitenote_active":false,"_monsterinsights_sitenote_note":"","_monsterinsights_sitenote_category":0,"_uf_show_specific_survey":0,"_uf_disable_surveys":false,"footnotes":""},"class_list":["post-1816","page","type-page","status-publish","has-post-thumbnail","hentry"],"yoast_head":"<!-- This site is optimized with the Yoast SEO plugin v27.3 - https:\/\/yoast.com\/product\/yoast-seo-wordpress\/ -->\n<title>Rechtsanwaltskanzlei in D\u00fcsseldorf | Rechtsanwalt Zivilrecht D\u00fcsseldorf<\/title>\n<meta name=\"description\" content=\"Zivilrecht - Rechtsanwalt in D\u00fcsseldorf - Kanzlei Swist in D\u00fcsseldorf - Kontakt: 0211-8759 8067 sekretariat@johanna-swist.de\" \/>\n<meta name=\"robots\" content=\"index, follow, max-snippet:-1, max-image-preview:large, max-video-preview:-1\" \/>\n<link rel=\"canonical\" href=\"https:\/\/www.johanna-swist.de\/wpjs\/de\/recht-privatperson\/\" \/>\n<meta property=\"og:locale\" content=\"de_DE\" \/>\n<meta property=\"og:type\" content=\"article\" \/>\n<meta property=\"og:title\" content=\"Rechtsanwaltskanzlei in D\u00fcsseldorf | Rechtsanwalt Zivilrecht D\u00fcsseldorf\" \/>\n<meta property=\"og:description\" content=\"Zivilrecht - Rechtsanwalt in D\u00fcsseldorf - Kanzlei Swist in D\u00fcsseldorf - Kontakt: 0211-8759 8067 sekretariat@johanna-swist.de\" \/>\n<meta property=\"og:url\" content=\"https:\/\/www.johanna-swist.de\/wpjs\/de\/recht-privatperson\/\" \/>\n<meta property=\"og:site_name\" content=\"swist.legal\" \/>\n<meta property=\"article:modified_time\" content=\"2022-06-05T12:12:10+00:00\" \/>\n<meta property=\"og:image\" content=\"https:\/\/www.johanna-swist.de\/wpjs\/wp-content\/uploads\/2017\/10\/Johanna-xy.jpg\" \/>\n\t<meta property=\"og:image:width\" content=\"626\" \/>\n\t<meta property=\"og:image:height\" content=\"926\" \/>\n\t<meta property=\"og:image:type\" content=\"image\/jpeg\" \/>\n<meta name=\"twitter:card\" content=\"summary_large_image\" \/>\n<meta name=\"twitter:label1\" content=\"Gesch\u00e4tzte Lesezeit\" \/>\n\t<meta name=\"twitter:data1\" content=\"4\u00a0Minuten\" \/>\n<script type=\"application\/ld+json\" class=\"yoast-schema-graph\">{\"@context\":\"https:\\\/\\\/schema.org\",\"@graph\":[{\"@type\":\"WebPage\",\"@id\":\"https:\\\/\\\/www.johanna-swist.de\\\/wpjs\\\/de\\\/recht-privatperson\\\/\",\"url\":\"https:\\\/\\\/www.johanna-swist.de\\\/wpjs\\\/de\\\/recht-privatperson\\\/\",\"name\":\"Rechtsanwaltskanzlei in D\u00fcsseldorf | Rechtsanwalt Zivilrecht D\u00fcsseldorf\",\"isPartOf\":{\"@id\":\"https:\\\/\\\/www.johanna-swist.de\\\/wpjs\\\/#website\"},\"primaryImageOfPage\":{\"@id\":\"https:\\\/\\\/www.johanna-swist.de\\\/wpjs\\\/de\\\/recht-privatperson\\\/#primaryimage\"},\"image\":{\"@id\":\"https:\\\/\\\/www.johanna-swist.de\\\/wpjs\\\/de\\\/recht-privatperson\\\/#primaryimage\"},\"thumbnailUrl\":\"https:\\\/\\\/www.johanna-swist.de\\\/wpjs\\\/wp-content\\\/uploads\\\/2017\\\/10\\\/Johanna-xy.jpg\",\"datePublished\":\"2020-05-02T09:10:39+00:00\",\"dateModified\":\"2022-06-05T12:12:10+00:00\",\"description\":\"Zivilrecht - Rechtsanwalt in D\u00fcsseldorf - Kanzlei Swist in D\u00fcsseldorf - Kontakt: 0211-8759 8067 sekretariat@johanna-swist.de\",\"breadcrumb\":{\"@id\":\"https:\\\/\\\/www.johanna-swist.de\\\/wpjs\\\/de\\\/recht-privatperson\\\/#breadcrumb\"},\"inLanguage\":\"de\",\"potentialAction\":[{\"@type\":\"ReadAction\",\"target\":[\"https:\\\/\\\/www.johanna-swist.de\\\/wpjs\\\/de\\\/recht-privatperson\\\/\"]}]},{\"@type\":\"ImageObject\",\"inLanguage\":\"de\",\"@id\":\"https:\\\/\\\/www.johanna-swist.de\\\/wpjs\\\/de\\\/recht-privatperson\\\/#primaryimage\",\"url\":\"https:\\\/\\\/www.johanna-swist.de\\\/wpjs\\\/wp-content\\\/uploads\\\/2017\\\/10\\\/Johanna-xy.jpg\",\"contentUrl\":\"https:\\\/\\\/www.johanna-swist.de\\\/wpjs\\\/wp-content\\\/uploads\\\/2017\\\/10\\\/Johanna-xy.jpg\",\"width\":626,\"height\":926,\"caption\":\"Polskoj\u0119zyczny adwokat w Niemczech\"},{\"@type\":\"BreadcrumbList\",\"@id\":\"https:\\\/\\\/www.johanna-swist.de\\\/wpjs\\\/de\\\/recht-privatperson\\\/#breadcrumb\",\"itemListElement\":[{\"@type\":\"ListItem\",\"position\":1,\"name\":\"Startseite\",\"item\":\"https:\\\/\\\/www.johanna-swist.de\\\/wpjs\\\/pl\\\/kancelaria-2\\\/\"},{\"@type\":\"ListItem\",\"position\":2,\"name\":\"Forderungseinzug: Zivilrecht &#8211; Recht der Privatpersonen in einer komplexen und flexibilisierten Welt&#8230;.\"}]},{\"@type\":\"WebSite\",\"@id\":\"https:\\\/\\\/www.johanna-swist.de\\\/wpjs\\\/#website\",\"url\":\"https:\\\/\\\/www.johanna-swist.de\\\/wpjs\\\/\",\"name\":\"swist.legal\",\"description\":\"\",\"publisher\":{\"@id\":\"https:\\\/\\\/www.johanna-swist.de\\\/wpjs\\\/#organization\"},\"potentialAction\":[{\"@type\":\"SearchAction\",\"target\":{\"@type\":\"EntryPoint\",\"urlTemplate\":\"https:\\\/\\\/www.johanna-swist.de\\\/wpjs\\\/?s={search_term_string}\"},\"query-input\":{\"@type\":\"PropertyValueSpecification\",\"valueRequired\":true,\"valueName\":\"search_term_string\"}}],\"inLanguage\":\"de\"},{\"@type\":\"Organization\",\"@id\":\"https:\\\/\\\/www.johanna-swist.de\\\/wpjs\\\/#organization\",\"name\":\"swist.legal\",\"url\":\"https:\\\/\\\/www.johanna-swist.de\\\/wpjs\\\/\",\"logo\":{\"@type\":\"ImageObject\",\"inLanguage\":\"de\",\"@id\":\"https:\\\/\\\/www.johanna-swist.de\\\/wpjs\\\/#\\\/schema\\\/logo\\\/image\\\/\",\"url\":\"https:\\\/\\\/www.johanna-swist.de\\\/wpjs\\\/wp-content\\\/uploads\\\/2022\\\/04\\\/cropped-cropped-Logo-1-1.jpg\",\"contentUrl\":\"https:\\\/\\\/www.johanna-swist.de\\\/wpjs\\\/wp-content\\\/uploads\\\/2022\\\/04\\\/cropped-cropped-Logo-1-1.jpg\",\"width\":512,\"height\":512,\"caption\":\"swist.legal\"},\"image\":{\"@id\":\"https:\\\/\\\/www.johanna-swist.de\\\/wpjs\\\/#\\\/schema\\\/logo\\\/image\\\/\"}}]}<\/script>\n<!-- \/ Yoast SEO plugin. -->","yoast_head_json":{"title":"Rechtsanwaltskanzlei in D\u00fcsseldorf | Rechtsanwalt Zivilrecht D\u00fcsseldorf","description":"Zivilrecht - Rechtsanwalt in D\u00fcsseldorf - Kanzlei Swist in D\u00fcsseldorf - Kontakt: 0211-8759 8067 sekretariat@johanna-swist.de","robots":{"index":"index","follow":"follow","max-snippet":"max-snippet:-1","max-image-preview":"max-image-preview:large","max-video-preview":"max-video-preview:-1"},"canonical":"https:\/\/www.johanna-swist.de\/wpjs\/de\/recht-privatperson\/","og_locale":"de_DE","og_type":"article","og_title":"Rechtsanwaltskanzlei in D\u00fcsseldorf | Rechtsanwalt Zivilrecht D\u00fcsseldorf","og_description":"Zivilrecht - Rechtsanwalt in D\u00fcsseldorf - Kanzlei Swist in D\u00fcsseldorf - Kontakt: 0211-8759 8067 sekretariat@johanna-swist.de","og_url":"https:\/\/www.johanna-swist.de\/wpjs\/de\/recht-privatperson\/","og_site_name":"swist.legal","article_modified_time":"2022-06-05T12:12:10+00:00","og_image":[{"width":626,"height":926,"url":"https:\/\/www.johanna-swist.de\/wpjs\/wp-content\/uploads\/2017\/10\/Johanna-xy.jpg","type":"image\/jpeg"}],"twitter_card":"summary_large_image","twitter_misc":{"Gesch\u00e4tzte Lesezeit":"4\u00a0Minuten"},"schema":{"@context":"https:\/\/schema.org","@graph":[{"@type":"WebPage","@id":"https:\/\/www.johanna-swist.de\/wpjs\/de\/recht-privatperson\/","url":"https:\/\/www.johanna-swist.de\/wpjs\/de\/recht-privatperson\/","name":"Rechtsanwaltskanzlei in D\u00fcsseldorf | Rechtsanwalt Zivilrecht D\u00fcsseldorf","isPartOf":{"@id":"https:\/\/www.johanna-swist.de\/wpjs\/#website"},"primaryImageOfPage":{"@id":"https:\/\/www.johanna-swist.de\/wpjs\/de\/recht-privatperson\/#primaryimage"},"image":{"@id":"https:\/\/www.johanna-swist.de\/wpjs\/de\/recht-privatperson\/#primaryimage"},"thumbnailUrl":"https:\/\/www.johanna-swist.de\/wpjs\/wp-content\/uploads\/2017\/10\/Johanna-xy.jpg","datePublished":"2020-05-02T09:10:39+00:00","dateModified":"2022-06-05T12:12:10+00:00","description":"Zivilrecht - Rechtsanwalt in D\u00fcsseldorf - Kanzlei Swist in D\u00fcsseldorf - Kontakt: 0211-8759 8067 sekretariat@johanna-swist.de","breadcrumb":{"@id":"https:\/\/www.johanna-swist.de\/wpjs\/de\/recht-privatperson\/#breadcrumb"},"inLanguage":"de","potentialAction":[{"@type":"ReadAction","target":["https:\/\/www.johanna-swist.de\/wpjs\/de\/recht-privatperson\/"]}]},{"@type":"ImageObject","inLanguage":"de","@id":"https:\/\/www.johanna-swist.de\/wpjs\/de\/recht-privatperson\/#primaryimage","url":"https:\/\/www.johanna-swist.de\/wpjs\/wp-content\/uploads\/2017\/10\/Johanna-xy.jpg","contentUrl":"https:\/\/www.johanna-swist.de\/wpjs\/wp-content\/uploads\/2017\/10\/Johanna-xy.jpg","width":626,"height":926,"caption":"Polskoj\u0119zyczny adwokat w Niemczech"},{"@type":"BreadcrumbList","@id":"https:\/\/www.johanna-swist.de\/wpjs\/de\/recht-privatperson\/#breadcrumb","itemListElement":[{"@type":"ListItem","position":1,"name":"Startseite","item":"https:\/\/www.johanna-swist.de\/wpjs\/pl\/kancelaria-2\/"},{"@type":"ListItem","position":2,"name":"Forderungseinzug: Zivilrecht &#8211; Recht der Privatpersonen in einer komplexen und flexibilisierten Welt&#8230;."}]},{"@type":"WebSite","@id":"https:\/\/www.johanna-swist.de\/wpjs\/#website","url":"https:\/\/www.johanna-swist.de\/wpjs\/","name":"swist.legal","description":"","publisher":{"@id":"https:\/\/www.johanna-swist.de\/wpjs\/#organization"},"potentialAction":[{"@type":"SearchAction","target":{"@type":"EntryPoint","urlTemplate":"https:\/\/www.johanna-swist.de\/wpjs\/?s={search_term_string}"},"query-input":{"@type":"PropertyValueSpecification","valueRequired":true,"valueName":"search_term_string"}}],"inLanguage":"de"},{"@type":"Organization","@id":"https:\/\/www.johanna-swist.de\/wpjs\/#organization","name":"swist.legal","url":"https:\/\/www.johanna-swist.de\/wpjs\/","logo":{"@type":"ImageObject","inLanguage":"de","@id":"https:\/\/www.johanna-swist.de\/wpjs\/#\/schema\/logo\/image\/","url":"https:\/\/www.johanna-swist.de\/wpjs\/wp-content\/uploads\/2022\/04\/cropped-cropped-Logo-1-1.jpg","contentUrl":"https:\/\/www.johanna-swist.de\/wpjs\/wp-content\/uploads\/2022\/04\/cropped-cropped-Logo-1-1.jpg","width":512,"height":512,"caption":"swist.legal"},"image":{"@id":"https:\/\/www.johanna-swist.de\/wpjs\/#\/schema\/logo\/image\/"}}]}},"_links":{"self":[{"href":"https:\/\/www.johanna-swist.de\/wpjs\/wp-json\/wp\/v2\/pages\/1816","targetHints":{"allow":["GET"]}}],"collection":[{"href":"https:\/\/www.johanna-swist.de\/wpjs\/wp-json\/wp\/v2\/pages"}],"about":[{"href":"https:\/\/www.johanna-swist.de\/wpjs\/wp-json\/wp\/v2\/types\/page"}],"author":[{"embeddable":true,"href":"https:\/\/www.johanna-swist.de\/wpjs\/wp-json\/wp\/v2\/users\/1"}],"replies":[{"embeddable":true,"href":"https:\/\/www.johanna-swist.de\/wpjs\/wp-json\/wp\/v2\/comments?post=1816"}],"version-history":[{"count":99,"href":"https:\/\/www.johanna-swist.de\/wpjs\/wp-json\/wp\/v2\/pages\/1816\/revisions"}],"predecessor-version":[{"id":7563,"href":"https:\/\/www.johanna-swist.de\/wpjs\/wp-json\/wp\/v2\/pages\/1816\/revisions\/7563"}],"wp:featuredmedia":[{"embeddable":true,"href":"https:\/\/www.johanna-swist.de\/wpjs\/wp-json\/wp\/v2\/media\/2318"}],"wp:attachment":[{"href":"https:\/\/www.johanna-swist.de\/wpjs\/wp-json\/wp\/v2\/media?parent=1816"}],"curies":[{"name":"wp","href":"https:\/\/api.w.org\/{rel}","templated":true}]}}