{"id":7860,"date":"2023-10-08T12:16:03","date_gmt":"2023-10-08T12:16:03","guid":{"rendered":"http:\/\/www.johanna-swist.de\/wpjs\/?page_id=7860"},"modified":"2023-10-08T12:16:03","modified_gmt":"2023-10-08T12:16:03","slug":"forderungseinzug-sonstige-vertragliche-und-gesetzliche-ansprueche","status":"publish","type":"page","link":"http:\/\/www.johanna-swist.de\/wpjs\/de\/forderungseinzug-sonstige-vertragliche-und-gesetzliche-ansprueche\/","title":{"rendered":"Forderungseinzug: Sonstige vertragliche und gesetzliche Anspr\u00fcche"},"content":{"rendered":"<p>&nbsp;<\/p>\n<h1 style=\"text-align: center;\"><span style=\"color: #080060;\">Forderungseinzug &#8211; Schuldner zahlt einfach nicht!<\/span><\/h1>\n<p style=\"text-align: right;\"><button id=\"bb1\" type=\"button\" value=\"Play\" class=\"responsivevoice-button\" title=\"ResponsiveVoice Tap to Start\/Stop Speech\"><span>&#128266; Text anh\u00f6ren<\/span><\/button>\n        <script>\n            bb1.onclick = function(){\n                if(responsiveVoice.isPlaying()){\n                    responsiveVoice.cancel();\n                }else{\n                    responsiveVoice.speak(\"Sie haben einen Vertrag geschlossen und Ihre vertragliche Leistung erbracht, aber die Verg\u00fctung flie\u00dft nicht. Ihr Vertragspartner wurde angemahnt, und er zeigt keine Reaktion. Sie entscheiden sich nun, einen Rechtsanwalt oder eine Rechtsanw\u00e4ltin aufzusuchen, damit er oder sie Ihnen hilft. Jetzt wird jeder Rechtsanwalt zun\u00e4chst \u00fcberpr\u00fcfen, ob bereits nach Ihrem eigenen Vortrag rechtliche Gr\u00fcnde ersichtlich sind, die Ihren Vertragspartner berechtigen, nicht zahlen zu m\u00fcssen. Das ist ein wichtiger Schritt. Ist n\u00e4mlich Ihre Forderung hoch, so sind auch die von Ihnen zu zahlenden Geb\u00fchren hoch. Sie gehen mit der Beauftragung des Rechtsanwalts ein weiteres finanzielles Risiko ein. Das sollten Sie auf keinen Fall tun, wenn Ihr Rechtsanwalt diesbez\u00fcglich erhebliche Bedenken \u00e4u\u00dfert.\", \"Deutsch Female\");\n                }\n            };\n        <\/script>\n    <\/p>\n<p style=\"text-align: justify;\"><span style=\"color: #000000;\">Sie haben einen Vertrag geschlossen und Ihre vertragliche Leistung erbracht, aber die Verg\u00fctung flie\u00dft nicht. Ihr Vertragspartner wurde angemahnt, und er zeigt keine Reaktion.<\/span><\/p>\n<p style=\"text-align: justify;\"><span style=\"color: #000000;\">Sie entscheiden sich nun, einen Rechtsanwalt oder eine Rechtsanw\u00e4ltin aufzusuchen, damit er oder sie Ihnen hilft.<\/span><\/p>\n<p style=\"text-align: justify;\"><span style=\"color: #000000;\">Jetzt wird jeder Rechtsanwalt zun\u00e4chst \u00fcberpr\u00fcfen, ob bereits nach Ihrem eigenen Vortrag rechtliche Gr\u00fcnde ersichtlich sind, die Ihren Vertragspartner berechtigen, nicht zahlen zu m\u00fcssen. Das ist ein wichtiger Schritt.<\/span><\/p>\n<p style=\"text-align: justify;\"><span style=\"color: #000000;\">Ist n\u00e4mlich Ihre Forderung hoch, so sind auch die von Ihnen zu zahlenden Geb\u00fchren hoch. Sie gehen mit der Beauftragung des Rechtsanwalts ein weiteres finanzielles Risiko ein. Das sollten Sie auf keinen Fall tun, wenn Ihr Rechtsanwalt diesbez\u00fcglich erhebliche Bedenken \u00e4u\u00dfert.<\/span><\/p>\n<p>&nbsp;<\/p>\n<p><span style=\"color: #000000;\"><div class=\"specialtext-content-left effect\"><\/span><\/p>\n<h4 style=\"text-align: center;\"><span style=\"color: #2f2f80;\">Jedes Gerichtsverfahren ist risikobehaftet. Sie m\u00fcssen nicht auch noch die offensichtlichen Risiken eingehen.<\/span><\/h4>\n<p><span style=\"color: #000000;\"><\/div><\/span><\/p>\n<p>&nbsp;<\/p>\n<p style=\"text-align: center;\"><span style=\"color: #999999;\">____________________________________________<\/span><\/p>\n<p>&nbsp;<\/p>\n<h2 style=\"text-align: center;\"><span style=\"color: #080060;\">Vertragliche Anspr\u00fcche: Typische Vertr\u00e4ge des B\u00fcrgerlichen Gesetzbuches<\/span><\/h2>\n<p style=\"text-align: right;\"><button id=\"bb2\" type=\"button\" value=\"Play\" class=\"responsivevoice-button\" title=\"ResponsiveVoice Tap to Start\/Stop Speech\"><span>&#128266; Text anh\u00f6ren<\/span><\/button>\n        <script>\n            bb2.onclick = function(){\n                if(responsiveVoice.isPlaying()){\n                    responsiveVoice.cancel();\n                }else{\n                    responsiveVoice.speak(\"Um Ihre Erfolgschancen vorab einsch\u00e4tzen zu k\u00f6nnen, ist es wichtig, um welchen Vertrag es sich handelt. Jeder von uns kennt den Kaufvertrag oder den Werkvertrag. Aber es gibt unz\u00e4hlige Vertr\u00e4ge. Neben den im B\u00fcrgerlichen Gesetzbuch kodifizierten Vertr\u00e4gen gibt es unz\u00e4hlige weitere Vertr\u00e4ge. Aus dem B\u00fcrgerlichen Gesetzbuch kennt man beispielsweise: Darlehensvertr\u00e4ge, B\u00fcrgschaftsvertr\u00e4ge, Mietvertr\u00e4ge, Kaufvertr\u00e4ge \u00fcber Grundst\u00fccke, Dienstvertr\u00e4ge, Gesellschaftsvertr\u00e4ge (BGB-Gesellschaft).\", \"Deutsch Female\");\n                }\n            };\n        <\/script>\n    <\/p>\n<p style=\"text-align: justify;\"><span style=\"color: #000000;\">Um Ihre Erfolgschancen vorab einsch\u00e4tzen zu k\u00f6nnen, ist es wichtig, um welchen Vertrag es sich handelt.<\/span><\/p>\n<p style=\"text-align: justify;\"><span style=\"color: #000000;\">Jeder von uns kennt den Kaufvertrag oder den Werkvertrag. Aber es gibt unz\u00e4hlige Vertr\u00e4ge. Neben den im B\u00fcrgerlichen Gesetzbuch kodifizierten Vertr\u00e4gen gibt es unz\u00e4hlige weitere Vertr\u00e4ge. Aus dem B\u00fcrgerlichen Gesetzbuch kennt man beispielsweise:<\/span><\/p>\n<ul>\n<li><span style=\"color: #000000;\">Darlehensvertr\u00e4ge,<\/span><\/li>\n<li><span style=\"color: #000000;\">B\u00fcrgschaftsvertr\u00e4ge,<\/span><\/li>\n<li><span style=\"color: #000000;\">Mietvertr\u00e4ge,<\/span><\/li>\n<li><span style=\"color: #000000;\">Kaufvertr\u00e4ge \u00fcber Grundst\u00fccke,<\/span><\/li>\n<li><span style=\"color: #000000;\">Dienstvertr\u00e4ge,<\/span><\/li>\n<li><span style=\"color: #000000;\">Gesellschaftsvertr\u00e4ge (BGB-Gesellschaft).<\/span><\/li>\n<\/ul>\n<p>&nbsp;<\/p>\n<div class=\"specialtext-content-left effect\"><\/p>\n<h4 style=\"text-align: center;\"><span style=\"color: #2f2f80;\">Legen Sie einen schriftlichen oder zumindest in Textform geschlossenen Vertrag vor. Das erleichtert die \u00dcberpr\u00fcfung.<\/span><\/h4>\n<p><\/div>\n<p>&nbsp;<\/p>\n<p style=\"text-align: center;\"><span style=\"color: #999999;\">____________________________________________<\/span><\/p>\n<p>&nbsp;<\/p>\n<h2 style=\"text-align: center;\"><span style=\"color: #080060;\">Forderungseinzug bei gesetzlichen Anspr\u00fcchen<\/span><\/h2>\n<p style=\"text-align: right;\"><button id=\"bb3\" type=\"button\" value=\"Play\" class=\"responsivevoice-button\" title=\"ResponsiveVoice Tap to Start\/Stop Speech\"><span>&#128266; Text anh\u00f6ren<\/span><\/button>\n        <script>\n            bb3.onclick = function(){\n                if(responsiveVoice.isPlaying()){\n                    responsiveVoice.cancel();\n                }else{\n                    responsiveVoice.speak(\"Viele Forderungen beruhen auf Gesetz. Beispielsweise wenn Sie vors\u00e4tzlich gesch\u00e4digt werden, steht Ihnen ein Schadensersatzanspruch zu. Wenn ein Kollege zu Ihnen nach Hause kommt und aus reiner Bosheit Ihre Vase zerst\u00f6rt, muss er Schadensersatz leisten.\u00a0Wenn er sie an sich nimmt und ohne Ihr Wissen, diese Vase zu einem Preis verkauft, der zehnfach so hoch ist wie der Verkehrswert, dann muss er Ihnen alles herausgeben, was er hierf\u00fcr erhalten hat. Die Anspr\u00fcche, die Sie geltend machen, ergeben sich aus Gesetz und zwar unmittelbar aus dem B\u00fcrgerlichen Gesetzbuch.\", \"Deutsch Female\");\n                }\n            };\n        <\/script>\n    <\/p>\n<p style=\"text-align: justify;\"><span style=\"color: #000000;\">Viele Forderungen beruhen auf Gesetz. Beispielsweise wenn Sie vors\u00e4tzlich gesch\u00e4digt werden, steht Ihnen ein Schadensersatzanspruch zu.<\/span><\/p>\n<p style=\"text-align: justify;\"><span style=\"color: #000000;\">Wenn ein Kollege zu Ihnen nach Hause kommt und aus reiner Bosheit Ihre Vase zerst\u00f6rt, muss er Schadensersatz leisten.\u00a0<\/span><span style=\"color: #000000;\">Wenn er sie an sich nimmt und ohne Ihr Wissen, diese Vase zu einem Preis verkauft, der zehnfach so hoch ist wie der Verkehrswert, dann muss er Ihnen alles herausgeben, was er hierf\u00fcr erhalten hat.<\/span><\/p>\n<p style=\"text-align: justify;\"><span style=\"color: #000000;\">Die Anspr\u00fcche, die Sie geltend machen, ergeben sich aus Gesetz und zwar unmittelbar aus dem B\u00fcrgerlichen Gesetzbuch.<\/span><\/p>\n<p>&nbsp;<\/p>\n<div class=\"specialtext-content-left effect\"><\/p>\n<h4 style=\"text-align: center;\"><span style=\"color: #2f2f80;\">Sie m\u00fcssen Ihrem Rechtsanwalt den gesamten Sachverhalt darstellen und alle Beweise sichern.<\/span><\/h4>\n<p><\/div>\n<p>&nbsp;<\/p>\n<p style=\"text-align: center;\"><span style=\"color: #999999;\">____________________________________________<\/span><\/p>\n<p>&nbsp;<\/p>\n<h2 style=\"text-align: center;\"><span style=\"color: #080060;\">Vertragliche Anspr\u00fcche: Vertr\u00e4ge au\u00dferhalb des B\u00fcrgerlichen Gesetzes<\/span><\/h2>\n<p style=\"text-align: right;\"><button id=\"bb4\" type=\"button\" value=\"Play\" class=\"responsivevoice-button\" title=\"ResponsiveVoice Tap to Start\/Stop Speech\"><span>&#128266; Text anh\u00f6ren<\/span><\/button>\n        <script>\n            bb4.onclick = function(){\n                if(responsiveVoice.isPlaying()){\n                    responsiveVoice.cancel();\n                }else{\n                    responsiveVoice.speak(\"Schlie\u00dflich gibt es eine Vielzahl von Vertr\u00e4gen, die sich aus anderen Gesetzen ergeben. Aus ihnen k\u00f6nnen auch vertragliche Anspr\u00fcche resultieren. GmbH-Gesellschaftsvertrag, Frachtvertrag, Lizenzvertrag \u00fcber die Auswertung von Urheberrechten. Es gibt aber auch Vertr\u00e4ge, die \u00fcberhaupt keine Regelung finden. Dann kann es sich um einen sogenannten atypischen Vertrag handeln. Juristen schauen, welchem Rechtstyp der Vertrag hier am n\u00e4chsten kommt. In diesen F\u00e4llen ist die Vereinbarung ansich, die Rechtsgrundlage. Der verschriftlichte Inhalt ist dann von besonderer Bedeutung.\", \"Deutsch Female\");\n                }\n            };\n        <\/script>\n    <\/p>\n<p style=\"text-align: justify;\"><span style=\"color: #000000;\">Schlie\u00dflich gibt es eine Vielzahl von Vertr\u00e4gen, die sich aus anderen Gesetzen ergeben. Aus ihnen k\u00f6nnen auch vertragliche Anspr\u00fcche resultieren.<\/span><\/p>\n<ul style=\"text-align: justify;\">\n<li><span style=\"color: #000000;\">GmbH-Gesellschaftsvertrag,<\/span><\/li>\n<li><span style=\"color: #000000;\">Frachtvertrag,<\/span><\/li>\n<li><span style=\"color: #000000;\">Lizenzvertrag \u00fcber die Auswertung von Urheberrechten.<\/span><\/li>\n<\/ul>\n<p style=\"text-align: justify;\"><span style=\"color: #000000;\">Es gibt aber auch Vertr\u00e4ge, die \u00fcberhaupt keine Regelung finden. Dann kann es sich um einen sogenannten atypischen Vertrag handeln. Juristen schauen, welchem Rechtstyp der Vertrag hier am n\u00e4chsten kommt.<\/span><\/p>\n<p style=\"text-align: justify;\"><span style=\"color: #000000;\">In diesen F\u00e4llen ist die Vereinbarung ansich, die Rechtsgrundlage. Der verschriftlichte Inhalt ist dann von besonderer Bedeutung.<\/span><\/p>\n<div class=\"specialtext-content-left effect\"><\/p>\n<h4 style=\"text-align: center;\"><span style=\"color: #2f2f80;\">F\u00fcr die Ermittlung der Erfolgsaussichten ben\u00f6tigen Sie einen Rechtsanwalt oder eine Rechtsanw\u00e4ltin.<\/span><\/h4>\n<p><\/div>\n<p>&nbsp;<\/p>\n<p><span style=\"color: #000000;\">Wir helfen Ihnen bei der Auslegung und Neugestaltung Ihres Vertragsverh\u00e4ltnisses. Wir untersuchen Ihre Aussichten auf Erfolg und begleiten Sie im vorgerichtlichen und gerichtlichen Verfahren, wenn Sie Ihre vertraglichen Anspr\u00fcche geltend machen und durchsetzen m\u00f6chten.\u00a0<\/span><\/p>\n<p style=\"text-align: right;\"><span style=\"color: #000000;\"><em>Kanzlei Swist \u2013 Rechtsanwaltskanzlei in D\u00fcsseldorf<br \/>\nIhr Recht in unseren treuen H\u00e4nden<\/em><\/span><\/p>\n<p>&nbsp;<\/p>\n<p><a href=\"http:\/\/swist.legal\/\"><img loading=\"lazy\" decoding=\"async\" class=\"Werkverg\u00fctung aligncenter wp-image-19\" title=\"Werkverg\u00fctung\" src=\"http:\/\/swist.legal\/wp-content\/uploads\/2022\/04\/Logo-2-300x85.jpg\" alt=\"Werkverg\u00fctung\" width=\"350\" height=\"100\" \/><\/a><\/p>\n","protected":false},"excerpt":{"rendered":"<p>&nbsp; Forderungseinzug &#8211; Schuldner zahlt einfach nicht! &nbsp; &nbsp; ____________________________________________ &nbsp; Vertragliche Anspr\u00fcche: Typische Vertr\u00e4ge des B\u00fcrgerlichen Gesetzbuches &nbsp; &nbsp; ____________________________________________ &nbsp; Forderungseinzug bei gesetzlichen Anspr\u00fcchen &nbsp; &nbsp; ____________________________________________ &nbsp; Vertragliche Anspr\u00fcche: Vertr\u00e4ge au\u00dferhalb des B\u00fcrgerlichen Gesetzes &nbsp; Wir helfen<\/p>\n","protected":false},"author":1,"featured_media":0,"parent":0,"menu_order":0,"comment_status":"closed","ping_status":"closed","template":"","meta":{"om_disable_all_campaigns":false,"_monsterinsights_skip_tracking":false,"_monsterinsights_sitenote_active":false,"_monsterinsights_sitenote_note":"","_monsterinsights_sitenote_category":0,"_uf_show_specific_survey":0,"_uf_disable_surveys":false,"footnotes":""},"class_list":["post-7860","page","type-page","status-publish","hentry"],"yoast_head":"<!-- This site is optimized with the Yoast SEO plugin v27.3 - https:\/\/yoast.com\/product\/yoast-seo-wordpress\/ -->\n<title>Forderungseinzug: Sonstige vertragliche und gesetzliche Anspr\u00fcche - swist.legal<\/title>\n<meta name=\"robots\" content=\"index, follow, max-snippet:-1, max-image-preview:large, max-video-preview:-1\" \/>\n<link rel=\"canonical\" href=\"http:\/\/www.johanna-swist.de\/wpjs\/de\/forderungseinzug-sonstige-vertragliche-und-gesetzliche-ansprueche\/\" \/>\n<meta property=\"og:locale\" content=\"de_DE\" \/>\n<meta property=\"og:type\" content=\"article\" \/>\n<meta property=\"og:title\" content=\"Forderungseinzug: Sonstige vertragliche und gesetzliche Anspr\u00fcche - swist.legal\" \/>\n<meta property=\"og:description\" content=\"&nbsp; Forderungseinzug &#8211; Schuldner zahlt einfach nicht! &nbsp; &nbsp; ____________________________________________ &nbsp; Vertragliche Anspr\u00fcche: Typische Vertr\u00e4ge des B\u00fcrgerlichen Gesetzbuches &nbsp; &nbsp; ____________________________________________ &nbsp; Forderungseinzug bei gesetzlichen Anspr\u00fcchen &nbsp; &nbsp; ____________________________________________ &nbsp; Vertragliche Anspr\u00fcche: Vertr\u00e4ge au\u00dferhalb des B\u00fcrgerlichen Gesetzes &nbsp; Wir helfen\" \/>\n<meta property=\"og:url\" content=\"http:\/\/www.johanna-swist.de\/wpjs\/de\/forderungseinzug-sonstige-vertragliche-und-gesetzliche-ansprueche\/\" \/>\n<meta property=\"og:site_name\" content=\"swist.legal\" \/>\n<meta property=\"og:image\" content=\"http:\/\/swist.legal\/wp-content\/uploads\/2022\/04\/Logo-2-300x85.jpg\" \/>\n<meta name=\"twitter:card\" content=\"summary_large_image\" \/>\n<meta name=\"twitter:label1\" content=\"Gesch\u00e4tzte Lesezeit\" \/>\n\t<meta name=\"twitter:data1\" content=\"3\u00a0Minuten\" \/>\n<script type=\"application\/ld+json\" class=\"yoast-schema-graph\">{\"@context\":\"https:\\\/\\\/schema.org\",\"@graph\":[{\"@type\":\"WebPage\",\"@id\":\"http:\\\/\\\/www.johanna-swist.de\\\/wpjs\\\/de\\\/forderungseinzug-sonstige-vertragliche-und-gesetzliche-ansprueche\\\/\",\"url\":\"http:\\\/\\\/www.johanna-swist.de\\\/wpjs\\\/de\\\/forderungseinzug-sonstige-vertragliche-und-gesetzliche-ansprueche\\\/\",\"name\":\"Forderungseinzug: Sonstige vertragliche und gesetzliche Anspr\u00fcche - swist.legal\",\"isPartOf\":{\"@id\":\"http:\\\/\\\/www.johanna-swist.de\\\/wpjs\\\/#website\"},\"primaryImageOfPage\":{\"@id\":\"http:\\\/\\\/www.johanna-swist.de\\\/wpjs\\\/de\\\/forderungseinzug-sonstige-vertragliche-und-gesetzliche-ansprueche\\\/#primaryimage\"},\"image\":{\"@id\":\"http:\\\/\\\/www.johanna-swist.de\\\/wpjs\\\/de\\\/forderungseinzug-sonstige-vertragliche-und-gesetzliche-ansprueche\\\/#primaryimage\"},\"thumbnailUrl\":\"http:\\\/\\\/swist.legal\\\/wp-content\\\/uploads\\\/2022\\\/04\\\/Logo-2-300x85.jpg\",\"datePublished\":\"2023-10-08T12:16:03+00:00\",\"breadcrumb\":{\"@id\":\"http:\\\/\\\/www.johanna-swist.de\\\/wpjs\\\/de\\\/forderungseinzug-sonstige-vertragliche-und-gesetzliche-ansprueche\\\/#breadcrumb\"},\"inLanguage\":\"de\",\"potentialAction\":[{\"@type\":\"ReadAction\",\"target\":[\"http:\\\/\\\/www.johanna-swist.de\\\/wpjs\\\/de\\\/forderungseinzug-sonstige-vertragliche-und-gesetzliche-ansprueche\\\/\"]}]},{\"@type\":\"ImageObject\",\"inLanguage\":\"de\",\"@id\":\"http:\\\/\\\/www.johanna-swist.de\\\/wpjs\\\/de\\\/forderungseinzug-sonstige-vertragliche-und-gesetzliche-ansprueche\\\/#primaryimage\",\"url\":\"http:\\\/\\\/swist.legal\\\/wp-content\\\/uploads\\\/2022\\\/04\\\/Logo-2-300x85.jpg\",\"contentUrl\":\"http:\\\/\\\/swist.legal\\\/wp-content\\\/uploads\\\/2022\\\/04\\\/Logo-2-300x85.jpg\"},{\"@type\":\"BreadcrumbList\",\"@id\":\"http:\\\/\\\/www.johanna-swist.de\\\/wpjs\\\/de\\\/forderungseinzug-sonstige-vertragliche-und-gesetzliche-ansprueche\\\/#breadcrumb\",\"itemListElement\":[{\"@type\":\"ListItem\",\"position\":1,\"name\":\"Startseite\",\"item\":\"http:\\\/\\\/www.johanna-swist.de\\\/wpjs\\\/pl\\\/kancelaria-2\\\/\"},{\"@type\":\"ListItem\",\"position\":2,\"name\":\"Forderungseinzug: Sonstige vertragliche und gesetzliche Anspr\u00fcche\"}]},{\"@type\":\"WebSite\",\"@id\":\"http:\\\/\\\/www.johanna-swist.de\\\/wpjs\\\/#website\",\"url\":\"http:\\\/\\\/www.johanna-swist.de\\\/wpjs\\\/\",\"name\":\"swist.legal\",\"description\":\"\",\"publisher\":{\"@id\":\"http:\\\/\\\/www.johanna-swist.de\\\/wpjs\\\/#organization\"},\"potentialAction\":[{\"@type\":\"SearchAction\",\"target\":{\"@type\":\"EntryPoint\",\"urlTemplate\":\"http:\\\/\\\/www.johanna-swist.de\\\/wpjs\\\/?s={search_term_string}\"},\"query-input\":{\"@type\":\"PropertyValueSpecification\",\"valueRequired\":true,\"valueName\":\"search_term_string\"}}],\"inLanguage\":\"de\"},{\"@type\":\"Organization\",\"@id\":\"http:\\\/\\\/www.johanna-swist.de\\\/wpjs\\\/#organization\",\"name\":\"swist.legal\",\"url\":\"http:\\\/\\\/www.johanna-swist.de\\\/wpjs\\\/\",\"logo\":{\"@type\":\"ImageObject\",\"inLanguage\":\"de\",\"@id\":\"http:\\\/\\\/www.johanna-swist.de\\\/wpjs\\\/#\\\/schema\\\/logo\\\/image\\\/\",\"url\":\"http:\\\/\\\/www.johanna-swist.de\\\/wpjs\\\/wp-content\\\/uploads\\\/2022\\\/04\\\/cropped-cropped-Logo-1-1.jpg\",\"contentUrl\":\"http:\\\/\\\/www.johanna-swist.de\\\/wpjs\\\/wp-content\\\/uploads\\\/2022\\\/04\\\/cropped-cropped-Logo-1-1.jpg\",\"width\":512,\"height\":512,\"caption\":\"swist.legal\"},\"image\":{\"@id\":\"http:\\\/\\\/www.johanna-swist.de\\\/wpjs\\\/#\\\/schema\\\/logo\\\/image\\\/\"}}]}<\/script>\n<!-- \/ Yoast SEO plugin. -->","yoast_head_json":{"title":"Forderungseinzug: Sonstige vertragliche und gesetzliche Anspr\u00fcche - swist.legal","robots":{"index":"index","follow":"follow","max-snippet":"max-snippet:-1","max-image-preview":"max-image-preview:large","max-video-preview":"max-video-preview:-1"},"canonical":"http:\/\/www.johanna-swist.de\/wpjs\/de\/forderungseinzug-sonstige-vertragliche-und-gesetzliche-ansprueche\/","og_locale":"de_DE","og_type":"article","og_title":"Forderungseinzug: Sonstige vertragliche und gesetzliche Anspr\u00fcche - swist.legal","og_description":"&nbsp; Forderungseinzug &#8211; Schuldner zahlt einfach nicht! &nbsp; &nbsp; ____________________________________________ &nbsp; Vertragliche Anspr\u00fcche: Typische Vertr\u00e4ge des B\u00fcrgerlichen Gesetzbuches &nbsp; &nbsp; ____________________________________________ &nbsp; Forderungseinzug bei gesetzlichen Anspr\u00fcchen &nbsp; &nbsp; ____________________________________________ &nbsp; Vertragliche Anspr\u00fcche: Vertr\u00e4ge au\u00dferhalb des B\u00fcrgerlichen Gesetzes &nbsp; Wir helfen","og_url":"http:\/\/www.johanna-swist.de\/wpjs\/de\/forderungseinzug-sonstige-vertragliche-und-gesetzliche-ansprueche\/","og_site_name":"swist.legal","og_image":[{"url":"http:\/\/swist.legal\/wp-content\/uploads\/2022\/04\/Logo-2-300x85.jpg","type":"","width":"","height":""}],"twitter_card":"summary_large_image","twitter_misc":{"Gesch\u00e4tzte Lesezeit":"3\u00a0Minuten"},"schema":{"@context":"https:\/\/schema.org","@graph":[{"@type":"WebPage","@id":"http:\/\/www.johanna-swist.de\/wpjs\/de\/forderungseinzug-sonstige-vertragliche-und-gesetzliche-ansprueche\/","url":"http:\/\/www.johanna-swist.de\/wpjs\/de\/forderungseinzug-sonstige-vertragliche-und-gesetzliche-ansprueche\/","name":"Forderungseinzug: Sonstige vertragliche und gesetzliche Anspr\u00fcche - swist.legal","isPartOf":{"@id":"http:\/\/www.johanna-swist.de\/wpjs\/#website"},"primaryImageOfPage":{"@id":"http:\/\/www.johanna-swist.de\/wpjs\/de\/forderungseinzug-sonstige-vertragliche-und-gesetzliche-ansprueche\/#primaryimage"},"image":{"@id":"http:\/\/www.johanna-swist.de\/wpjs\/de\/forderungseinzug-sonstige-vertragliche-und-gesetzliche-ansprueche\/#primaryimage"},"thumbnailUrl":"http:\/\/swist.legal\/wp-content\/uploads\/2022\/04\/Logo-2-300x85.jpg","datePublished":"2023-10-08T12:16:03+00:00","breadcrumb":{"@id":"http:\/\/www.johanna-swist.de\/wpjs\/de\/forderungseinzug-sonstige-vertragliche-und-gesetzliche-ansprueche\/#breadcrumb"},"inLanguage":"de","potentialAction":[{"@type":"ReadAction","target":["http:\/\/www.johanna-swist.de\/wpjs\/de\/forderungseinzug-sonstige-vertragliche-und-gesetzliche-ansprueche\/"]}]},{"@type":"ImageObject","inLanguage":"de","@id":"http:\/\/www.johanna-swist.de\/wpjs\/de\/forderungseinzug-sonstige-vertragliche-und-gesetzliche-ansprueche\/#primaryimage","url":"http:\/\/swist.legal\/wp-content\/uploads\/2022\/04\/Logo-2-300x85.jpg","contentUrl":"http:\/\/swist.legal\/wp-content\/uploads\/2022\/04\/Logo-2-300x85.jpg"},{"@type":"BreadcrumbList","@id":"http:\/\/www.johanna-swist.de\/wpjs\/de\/forderungseinzug-sonstige-vertragliche-und-gesetzliche-ansprueche\/#breadcrumb","itemListElement":[{"@type":"ListItem","position":1,"name":"Startseite","item":"http:\/\/www.johanna-swist.de\/wpjs\/pl\/kancelaria-2\/"},{"@type":"ListItem","position":2,"name":"Forderungseinzug: Sonstige vertragliche und gesetzliche Anspr\u00fcche"}]},{"@type":"WebSite","@id":"http:\/\/www.johanna-swist.de\/wpjs\/#website","url":"http:\/\/www.johanna-swist.de\/wpjs\/","name":"swist.legal","description":"","publisher":{"@id":"http:\/\/www.johanna-swist.de\/wpjs\/#organization"},"potentialAction":[{"@type":"SearchAction","target":{"@type":"EntryPoint","urlTemplate":"http:\/\/www.johanna-swist.de\/wpjs\/?s={search_term_string}"},"query-input":{"@type":"PropertyValueSpecification","valueRequired":true,"valueName":"search_term_string"}}],"inLanguage":"de"},{"@type":"Organization","@id":"http:\/\/www.johanna-swist.de\/wpjs\/#organization","name":"swist.legal","url":"http:\/\/www.johanna-swist.de\/wpjs\/","logo":{"@type":"ImageObject","inLanguage":"de","@id":"http:\/\/www.johanna-swist.de\/wpjs\/#\/schema\/logo\/image\/","url":"http:\/\/www.johanna-swist.de\/wpjs\/wp-content\/uploads\/2022\/04\/cropped-cropped-Logo-1-1.jpg","contentUrl":"http:\/\/www.johanna-swist.de\/wpjs\/wp-content\/uploads\/2022\/04\/cropped-cropped-Logo-1-1.jpg","width":512,"height":512,"caption":"swist.legal"},"image":{"@id":"http:\/\/www.johanna-swist.de\/wpjs\/#\/schema\/logo\/image\/"}}]}},"_links":{"self":[{"href":"http:\/\/www.johanna-swist.de\/wpjs\/wp-json\/wp\/v2\/pages\/7860","targetHints":{"allow":["GET"]}}],"collection":[{"href":"http:\/\/www.johanna-swist.de\/wpjs\/wp-json\/wp\/v2\/pages"}],"about":[{"href":"http:\/\/www.johanna-swist.de\/wpjs\/wp-json\/wp\/v2\/types\/page"}],"author":[{"embeddable":true,"href":"http:\/\/www.johanna-swist.de\/wpjs\/wp-json\/wp\/v2\/users\/1"}],"replies":[{"embeddable":true,"href":"http:\/\/www.johanna-swist.de\/wpjs\/wp-json\/wp\/v2\/comments?post=7860"}],"version-history":[{"count":1,"href":"http:\/\/www.johanna-swist.de\/wpjs\/wp-json\/wp\/v2\/pages\/7860\/revisions"}],"predecessor-version":[{"id":7861,"href":"http:\/\/www.johanna-swist.de\/wpjs\/wp-json\/wp\/v2\/pages\/7860\/revisions\/7861"}],"wp:attachment":[{"href":"http:\/\/www.johanna-swist.de\/wpjs\/wp-json\/wp\/v2\/media?parent=7860"}],"curies":[{"name":"wp","href":"https:\/\/api.w.org\/{rel}","templated":true}]}}