{"id":543,"date":"2016-03-11T14:12:42","date_gmt":"2016-03-11T14:12:42","guid":{"rendered":"http:\/\/www.johanna-swist.de\/wpjs\/?page_id=543"},"modified":"2022-06-05T11:41:32","modified_gmt":"2022-06-05T11:41:32","slug":"recht-des-autokaufs","status":"publish","type":"page","link":"http:\/\/www.johanna-swist.de\/wpjs\/de\/recht-des-autokaufs\/","title":{"rendered":"Forderungseinzug: Recht des Autokaufs und der Autoreparatur"},"content":{"rendered":"<p>&nbsp;<\/p>\n<h1 style=\"text-align: center;\"><span style=\"color: #000000;\">Recht des Autokaufs<\/span><\/h1>\n<h1><\/h1>\n<h2 style=\"text-align: center;\"><span style=\"color: #000000;\">Unser Leistungsspektrum im Recht des Autokaufs<\/span><\/h2>\n<p>&nbsp;<\/p>\n<p style=\"text-align: justify;\"><span style=\"color: #000000;\">Bei Streitigkeiten in Zusammenhang mit dem Autokauf vertreten wir die rechtlichen Interessen unserer Mandanten gegen\u00fcber dem Vertragspartner vorgerichtlich und sodann gerichtlich.<\/span><\/p>\n<p style=\"text-align: justify;\"><span style=\"color: #000000;\">H\u00e4ufig geht es im Bereich Recht des Autokaufs um die nachfolgenden Fragestellungen:<\/span><\/p>\n<p style=\"text-align: justify; padding-left: 60px;\"><span style=\"color: #000000;\">\u2022 R\u00fccktritt vom Neuwagenkauf und R\u00fccktritt vom Gebrauchtwagenkauf,<\/span><br \/>\n<span style=\"color: #000000;\"> \u2022 Minderung des Kaufpreises beim Autokauf,<\/span><br \/>\n<span style=\"color: #000000;\"> \u2022 Wandelung beim Autokauf und R\u00fcckabwicklung des Vertragsverh\u00e4ltnisses,<\/span><br \/>\n<span style=\"color: #000000;\"> \u2022 Nacherf\u00fcllung beim Autokauf (Nachlieferung eines mangelfreien Fahrzeuges),<\/span><br \/>\n<span style=\"color: #000000;\"> \u2022 Arglistige T\u00e4uschung beim Autokauf,<\/span><br \/>\n<span style=\"color: #000000;\"> \u2022 Wirksamkeit eines Gew\u00e4hrleistungsausschlusses im Falle der Mangelhaftigkeit des Kfz.<\/span><\/p>\n<p style=\"text-align: justify;\"><span style=\"color: #000000;\">Wir beraten unsere Mandanten in folgenden Angelegenheiten:<\/span><\/p>\n<p style=\"text-align: justify; padding-left: 60px;\"><span style=\"color: #000000;\">\u2022 Bedingungen des Kfz-Kaufvertrages und AGB ( Vertragsstrafen, Lieferverzug, Lieferschwierigkeiten, Zahlungsverzug, Eigentumsfragen, R\u00fccktritt vom Vertrag, Schadensersatzhaftung),<\/span><br \/>\n<span style=\"color: #000000;\"> \u2022 Beweissicherung, H\u00e4ndlerregress gegen Lieferanten,<\/span><br \/>\n<span style=\"color: #000000;\"> \u2022 Produzentenhaftung des Herstellers, Zulieferers, Importeurs, H\u00e4ndlers,<\/span><br \/>\n<span style=\"color: #000000;\"> \u2022 Gestaltung von Kfz-Reparaturbedingungen, Sicherungsm\u00f6glichkeiten der Werkstatt, Gew\u00e4hrleistungsrechte des Kunden bei Reparaturm\u00e4ngeln.<\/span><\/p>\n<p>&nbsp;<\/p>\n<h2 style=\"text-align: center;\"><span style=\"color: #000000;\">Zu unseren Kunden z\u00e4hlen:<\/span><\/h2>\n<p>&nbsp;<\/p>\n<p style=\"padding-left: 60px;\"><span style=\"color: #000000;\">\u2022 K\u00e4ufer von Fahrzeugen,<\/span><br \/>\n<span style=\"color: #000000;\"> \u2022 Verk\u00e4ufer von Fahrzeugen,<\/span><br \/>\n<span style=\"color: #000000;\"> \u2022 Gebrauchtwagenh\u00e4ndler,<\/span><br \/>\n<span style=\"color: #000000;\"> \u2022 Neuwagenh\u00e4ndler,<\/span><br \/>\n<span style=\"color: #000000;\"> \u2022 Kfz-Reparatur-Werkst\u00e4tten,<\/span><br \/>\n<span style=\"color: #000000;\"> \u2022 Kfz-Importeure und \u2013Exporteure.<\/span><\/p>\n<p>&nbsp;<\/p>\n<p>&nbsp;<\/p>\n<p>&nbsp;<\/p>\n<p style=\"text-align: center;\"><span style=\"color: #999999;\">____________________________________________<\/span><\/p>\n<p>&nbsp;<\/p>\n<p>&nbsp;<\/p>\n<p><a href=\"http:\/\/www.johanna-swist.de\/wpjs\/pl\/kancelaria-2\/\"><img loading=\"lazy\" decoding=\"async\" class=\"Recht des Autokaufs aligncenter wp-image-7490\" title=\"Recht des Autokaufs\" src=\"http:\/\/www.johanna-swist.de\/wpjs\/wp-content\/uploads\/2022\/04\/Logo-2-1-300x85.jpg\" alt=\"Recht des Autokaufs\" width=\"498\" height=\"141\" srcset=\"http:\/\/www.johanna-swist.de\/wpjs\/wp-content\/uploads\/2022\/04\/Logo-2-1-300x85.jpg 300w, http:\/\/www.johanna-swist.de\/wpjs\/wp-content\/uploads\/2022\/04\/Logo-2-1.jpg 337w\" sizes=\"auto, (max-width: 498px) 100vw, 498px\" \/><\/a><\/p>\n<p>&nbsp;<\/p>\n<p>&nbsp;<\/p>\n<p>&nbsp;<\/p>\n<p style=\"text-align: justify;\"><div class=\"specialtext-content-left effect\"><\/p>\n<h3 style=\"text-align: center;\">Rufen Sie uns an! Tel.: <span style=\"color: #1414ff;\">0211 &#8211; 8759 8067<\/span><\/h3>\n<p><\/div><\/p>\n","protected":false},"excerpt":{"rendered":"<p>&nbsp; Recht des Autokaufs Unser Leistungsspektrum im Recht des Autokaufs &nbsp; Bei Streitigkeiten in Zusammenhang mit dem Autokauf vertreten wir die rechtlichen Interessen unserer Mandanten gegen\u00fcber dem Vertragspartner vorgerichtlich und sodann gerichtlich. H\u00e4ufig geht es im Bereich Recht des Autokaufs<\/p>\n","protected":false},"author":1,"featured_media":0,"parent":0,"menu_order":0,"comment_status":"closed","ping_status":"closed","template":"","meta":{"om_disable_all_campaigns":false,"_monsterinsights_skip_tracking":false,"_monsterinsights_sitenote_active":false,"_monsterinsights_sitenote_note":"","_monsterinsights_sitenote_category":0,"_uf_show_specific_survey":0,"_uf_disable_surveys":false,"footnotes":""},"class_list":["post-543","page","type-page","status-publish","hentry"],"yoast_head":"<!-- This site is optimized with the Yoast SEO plugin v27.3 - https:\/\/yoast.com\/product\/yoast-seo-wordpress\/ -->\n<title>Recht des Autokaufs | Rechtsanwalt in D\u00fcsseldorf<\/title>\n<meta name=\"description\" content=\"Recht des Autokaufs - Rechtsanwaltskanzlei in D\u00fcsseldorf - Kanzlei Swist in D\u00fcsseldorf - Kontakt: 0211-8759 8067 sekretariat@johanna-swist.de\" \/>\n<meta name=\"robots\" content=\"index, follow, max-snippet:-1, max-image-preview:large, max-video-preview:-1\" \/>\n<link rel=\"canonical\" href=\"http:\/\/www.johanna-swist.de\/wpjs\/de\/recht-des-autokaufs\/\" \/>\n<meta property=\"og:locale\" content=\"de_DE\" \/>\n<meta property=\"og:type\" content=\"article\" \/>\n<meta property=\"og:title\" content=\"Recht des Autokaufs | Rechtsanwalt in D\u00fcsseldorf\" \/>\n<meta property=\"og:description\" content=\"Recht des Autokaufs - Rechtsanwaltskanzlei in D\u00fcsseldorf - Kanzlei Swist in D\u00fcsseldorf - Kontakt: 0211-8759 8067 sekretariat@johanna-swist.de\" \/>\n<meta property=\"og:url\" content=\"http:\/\/www.johanna-swist.de\/wpjs\/de\/recht-des-autokaufs\/\" \/>\n<meta property=\"og:site_name\" content=\"swist.legal\" \/>\n<meta property=\"article:modified_time\" content=\"2022-06-05T11:41:32+00:00\" \/>\n<meta property=\"og:image\" content=\"http:\/\/www.johanna-swist.de\/wpjs\/wp-content\/uploads\/2022\/04\/Logo-2-1-300x85.jpg\" \/>\n<meta name=\"twitter:card\" content=\"summary_large_image\" \/>\n<meta name=\"twitter:label1\" content=\"Gesch\u00e4tzte Lesezeit\" \/>\n\t<meta name=\"twitter:data1\" content=\"2\u00a0Minuten\" \/>\n<script type=\"application\/ld+json\" class=\"yoast-schema-graph\">{\"@context\":\"https:\\\/\\\/schema.org\",\"@graph\":[{\"@type\":\"WebPage\",\"@id\":\"http:\\\/\\\/www.johanna-swist.de\\\/wpjs\\\/de\\\/recht-des-autokaufs\\\/\",\"url\":\"http:\\\/\\\/www.johanna-swist.de\\\/wpjs\\\/de\\\/recht-des-autokaufs\\\/\",\"name\":\"Recht des Autokaufs | Rechtsanwalt in D\u00fcsseldorf\",\"isPartOf\":{\"@id\":\"http:\\\/\\\/www.johanna-swist.de\\\/wpjs\\\/#website\"},\"primaryImageOfPage\":{\"@id\":\"http:\\\/\\\/www.johanna-swist.de\\\/wpjs\\\/de\\\/recht-des-autokaufs\\\/#primaryimage\"},\"image\":{\"@id\":\"http:\\\/\\\/www.johanna-swist.de\\\/wpjs\\\/de\\\/recht-des-autokaufs\\\/#primaryimage\"},\"thumbnailUrl\":\"http:\\\/\\\/www.johanna-swist.de\\\/wpjs\\\/wp-content\\\/uploads\\\/2022\\\/04\\\/Logo-2-1-300x85.jpg\",\"datePublished\":\"2016-03-11T14:12:42+00:00\",\"dateModified\":\"2022-06-05T11:41:32+00:00\",\"description\":\"Recht des Autokaufs - Rechtsanwaltskanzlei in D\u00fcsseldorf - Kanzlei Swist in D\u00fcsseldorf - Kontakt: 0211-8759 8067 sekretariat@johanna-swist.de\",\"breadcrumb\":{\"@id\":\"http:\\\/\\\/www.johanna-swist.de\\\/wpjs\\\/de\\\/recht-des-autokaufs\\\/#breadcrumb\"},\"inLanguage\":\"de\",\"potentialAction\":[{\"@type\":\"ReadAction\",\"target\":[\"http:\\\/\\\/www.johanna-swist.de\\\/wpjs\\\/de\\\/recht-des-autokaufs\\\/\"]}]},{\"@type\":\"ImageObject\",\"inLanguage\":\"de\",\"@id\":\"http:\\\/\\\/www.johanna-swist.de\\\/wpjs\\\/de\\\/recht-des-autokaufs\\\/#primaryimage\",\"url\":\"http:\\\/\\\/www.johanna-swist.de\\\/wpjs\\\/wp-content\\\/uploads\\\/2022\\\/04\\\/Logo-2-1.jpg\",\"contentUrl\":\"http:\\\/\\\/www.johanna-swist.de\\\/wpjs\\\/wp-content\\\/uploads\\\/2022\\\/04\\\/Logo-2-1.jpg\",\"width\":337,\"height\":96},{\"@type\":\"BreadcrumbList\",\"@id\":\"http:\\\/\\\/www.johanna-swist.de\\\/wpjs\\\/de\\\/recht-des-autokaufs\\\/#breadcrumb\",\"itemListElement\":[{\"@type\":\"ListItem\",\"position\":1,\"name\":\"Startseite\",\"item\":\"http:\\\/\\\/www.johanna-swist.de\\\/wpjs\\\/pl\\\/kancelaria-2\\\/\"},{\"@type\":\"ListItem\",\"position\":2,\"name\":\"Forderungseinzug: Recht des Autokaufs und der Autoreparatur\"}]},{\"@type\":\"WebSite\",\"@id\":\"http:\\\/\\\/www.johanna-swist.de\\\/wpjs\\\/#website\",\"url\":\"http:\\\/\\\/www.johanna-swist.de\\\/wpjs\\\/\",\"name\":\"swist.legal\",\"description\":\"\",\"publisher\":{\"@id\":\"http:\\\/\\\/www.johanna-swist.de\\\/wpjs\\\/#organization\"},\"potentialAction\":[{\"@type\":\"SearchAction\",\"target\":{\"@type\":\"EntryPoint\",\"urlTemplate\":\"http:\\\/\\\/www.johanna-swist.de\\\/wpjs\\\/?s={search_term_string}\"},\"query-input\":{\"@type\":\"PropertyValueSpecification\",\"valueRequired\":true,\"valueName\":\"search_term_string\"}}],\"inLanguage\":\"de\"},{\"@type\":\"Organization\",\"@id\":\"http:\\\/\\\/www.johanna-swist.de\\\/wpjs\\\/#organization\",\"name\":\"swist.legal\",\"url\":\"http:\\\/\\\/www.johanna-swist.de\\\/wpjs\\\/\",\"logo\":{\"@type\":\"ImageObject\",\"inLanguage\":\"de\",\"@id\":\"http:\\\/\\\/www.johanna-swist.de\\\/wpjs\\\/#\\\/schema\\\/logo\\\/image\\\/\",\"url\":\"http:\\\/\\\/www.johanna-swist.de\\\/wpjs\\\/wp-content\\\/uploads\\\/2022\\\/04\\\/cropped-cropped-Logo-1-1.jpg\",\"contentUrl\":\"http:\\\/\\\/www.johanna-swist.de\\\/wpjs\\\/wp-content\\\/uploads\\\/2022\\\/04\\\/cropped-cropped-Logo-1-1.jpg\",\"width\":512,\"height\":512,\"caption\":\"swist.legal\"},\"image\":{\"@id\":\"http:\\\/\\\/www.johanna-swist.de\\\/wpjs\\\/#\\\/schema\\\/logo\\\/image\\\/\"}}]}<\/script>\n<!-- \/ Yoast SEO plugin. -->","yoast_head_json":{"title":"Recht des Autokaufs | Rechtsanwalt in D\u00fcsseldorf","description":"Recht des Autokaufs - Rechtsanwaltskanzlei in D\u00fcsseldorf - Kanzlei Swist in D\u00fcsseldorf - Kontakt: 0211-8759 8067 sekretariat@johanna-swist.de","robots":{"index":"index","follow":"follow","max-snippet":"max-snippet:-1","max-image-preview":"max-image-preview:large","max-video-preview":"max-video-preview:-1"},"canonical":"http:\/\/www.johanna-swist.de\/wpjs\/de\/recht-des-autokaufs\/","og_locale":"de_DE","og_type":"article","og_title":"Recht des Autokaufs | Rechtsanwalt in D\u00fcsseldorf","og_description":"Recht des Autokaufs - Rechtsanwaltskanzlei in D\u00fcsseldorf - Kanzlei Swist in D\u00fcsseldorf - Kontakt: 0211-8759 8067 sekretariat@johanna-swist.de","og_url":"http:\/\/www.johanna-swist.de\/wpjs\/de\/recht-des-autokaufs\/","og_site_name":"swist.legal","article_modified_time":"2022-06-05T11:41:32+00:00","og_image":[{"url":"http:\/\/www.johanna-swist.de\/wpjs\/wp-content\/uploads\/2022\/04\/Logo-2-1-300x85.jpg","type":"","width":"","height":""}],"twitter_card":"summary_large_image","twitter_misc":{"Gesch\u00e4tzte Lesezeit":"2\u00a0Minuten"},"schema":{"@context":"https:\/\/schema.org","@graph":[{"@type":"WebPage","@id":"http:\/\/www.johanna-swist.de\/wpjs\/de\/recht-des-autokaufs\/","url":"http:\/\/www.johanna-swist.de\/wpjs\/de\/recht-des-autokaufs\/","name":"Recht des Autokaufs | Rechtsanwalt in D\u00fcsseldorf","isPartOf":{"@id":"http:\/\/www.johanna-swist.de\/wpjs\/#website"},"primaryImageOfPage":{"@id":"http:\/\/www.johanna-swist.de\/wpjs\/de\/recht-des-autokaufs\/#primaryimage"},"image":{"@id":"http:\/\/www.johanna-swist.de\/wpjs\/de\/recht-des-autokaufs\/#primaryimage"},"thumbnailUrl":"http:\/\/www.johanna-swist.de\/wpjs\/wp-content\/uploads\/2022\/04\/Logo-2-1-300x85.jpg","datePublished":"2016-03-11T14:12:42+00:00","dateModified":"2022-06-05T11:41:32+00:00","description":"Recht des Autokaufs - Rechtsanwaltskanzlei in D\u00fcsseldorf - Kanzlei Swist in D\u00fcsseldorf - Kontakt: 0211-8759 8067 sekretariat@johanna-swist.de","breadcrumb":{"@id":"http:\/\/www.johanna-swist.de\/wpjs\/de\/recht-des-autokaufs\/#breadcrumb"},"inLanguage":"de","potentialAction":[{"@type":"ReadAction","target":["http:\/\/www.johanna-swist.de\/wpjs\/de\/recht-des-autokaufs\/"]}]},{"@type":"ImageObject","inLanguage":"de","@id":"http:\/\/www.johanna-swist.de\/wpjs\/de\/recht-des-autokaufs\/#primaryimage","url":"http:\/\/www.johanna-swist.de\/wpjs\/wp-content\/uploads\/2022\/04\/Logo-2-1.jpg","contentUrl":"http:\/\/www.johanna-swist.de\/wpjs\/wp-content\/uploads\/2022\/04\/Logo-2-1.jpg","width":337,"height":96},{"@type":"BreadcrumbList","@id":"http:\/\/www.johanna-swist.de\/wpjs\/de\/recht-des-autokaufs\/#breadcrumb","itemListElement":[{"@type":"ListItem","position":1,"name":"Startseite","item":"http:\/\/www.johanna-swist.de\/wpjs\/pl\/kancelaria-2\/"},{"@type":"ListItem","position":2,"name":"Forderungseinzug: Recht des Autokaufs und der Autoreparatur"}]},{"@type":"WebSite","@id":"http:\/\/www.johanna-swist.de\/wpjs\/#website","url":"http:\/\/www.johanna-swist.de\/wpjs\/","name":"swist.legal","description":"","publisher":{"@id":"http:\/\/www.johanna-swist.de\/wpjs\/#organization"},"potentialAction":[{"@type":"SearchAction","target":{"@type":"EntryPoint","urlTemplate":"http:\/\/www.johanna-swist.de\/wpjs\/?s={search_term_string}"},"query-input":{"@type":"PropertyValueSpecification","valueRequired":true,"valueName":"search_term_string"}}],"inLanguage":"de"},{"@type":"Organization","@id":"http:\/\/www.johanna-swist.de\/wpjs\/#organization","name":"swist.legal","url":"http:\/\/www.johanna-swist.de\/wpjs\/","logo":{"@type":"ImageObject","inLanguage":"de","@id":"http:\/\/www.johanna-swist.de\/wpjs\/#\/schema\/logo\/image\/","url":"http:\/\/www.johanna-swist.de\/wpjs\/wp-content\/uploads\/2022\/04\/cropped-cropped-Logo-1-1.jpg","contentUrl":"http:\/\/www.johanna-swist.de\/wpjs\/wp-content\/uploads\/2022\/04\/cropped-cropped-Logo-1-1.jpg","width":512,"height":512,"caption":"swist.legal"},"image":{"@id":"http:\/\/www.johanna-swist.de\/wpjs\/#\/schema\/logo\/image\/"}}]}},"_links":{"self":[{"href":"http:\/\/www.johanna-swist.de\/wpjs\/wp-json\/wp\/v2\/pages\/543","targetHints":{"allow":["GET"]}}],"collection":[{"href":"http:\/\/www.johanna-swist.de\/wpjs\/wp-json\/wp\/v2\/pages"}],"about":[{"href":"http:\/\/www.johanna-swist.de\/wpjs\/wp-json\/wp\/v2\/types\/page"}],"author":[{"embeddable":true,"href":"http:\/\/www.johanna-swist.de\/wpjs\/wp-json\/wp\/v2\/users\/1"}],"replies":[{"embeddable":true,"href":"http:\/\/www.johanna-swist.de\/wpjs\/wp-json\/wp\/v2\/comments?post=543"}],"version-history":[{"count":25,"href":"http:\/\/www.johanna-swist.de\/wpjs\/wp-json\/wp\/v2\/pages\/543\/revisions"}],"predecessor-version":[{"id":7561,"href":"http:\/\/www.johanna-swist.de\/wpjs\/wp-json\/wp\/v2\/pages\/543\/revisions\/7561"}],"wp:attachment":[{"href":"http:\/\/www.johanna-swist.de\/wpjs\/wp-json\/wp\/v2\/media?parent=543"}],"curies":[{"name":"wp","href":"https:\/\/api.w.org\/{rel}","templated":true}]}}