{"id":3386,"date":"2020-06-13T05:08:53","date_gmt":"2020-06-13T05:08:53","guid":{"rendered":"http:\/\/www.johanna-swist.de\/wpjs\/?page_id=3386"},"modified":"2025-11-07T06:02:03","modified_gmt":"2025-11-07T06:02:03","slug":"unsere-dienstleistungen-an-privatpersonen","status":"publish","type":"page","link":"http:\/\/www.johanna-swist.de\/wpjs\/de\/unsere-dienstleistungen-an-privatpersonen\/","title":{"rendered":"Anwaltliche Dienstleistungen f\u00fcr Privatpersonen"},"content":{"rendered":"<p>&nbsp;<\/p>\n<h1 style=\"text-align: center;\"><span style=\"color: #000000;\">Anwaltliche Dienstleistungen f\u00fcr Privatpersonen<\/span><\/h1>\n<p>&nbsp;<\/p>\n<p>&nbsp;<\/p>\n<p style=\"text-align: justify;\"><span style=\"color: #000000;\">Privatpersonen bieten wir anwaltliche Dienstleistungen aus dem Bereich des Arbeitsrechts und aus dem sehr breiten Bereich des Zivilrechts an. <\/span><\/p>\n<p style=\"text-align: justify;\"><span style=\"color: #000000;\">Im Einzelnen umfassen unsere Dienstleistungen:<\/span><\/p>\n<p>&nbsp;<\/p>\n<p style=\"text-align: center;\"><a class=\"maxbutton-3 maxbutton maxbutton-externes-personalburo\" title=\"Arbeitsrecht\" href=\"http:\/\/www.johanna-swist.de\/wpjs\/de\/arbeitsrecht\/\"><span class='mb-text'>Arbeitsrecht<\/span><\/a><\/p>\n<p style=\"text-align: center;\"><a class=\"maxbutton-12 maxbutton maxbutton-kundigung-des-arbeitsverhaltnisses\" title=\"K\u00fcndigung des Arbeitsverh\u00e4ltnisses und K\u00fcndigungsschutz\" href=\"https:\/\/www.johanna-swist.de\/wpjs\/de\/infothek-kuendigung-des-arbeitsverhaeltnisses\/\"><span class='mb-text'>Arbeitsk\u00fcndigung<\/span><\/a><\/p>\n<p style=\"text-align: center;\"><a class=\"maxbutton-34 maxbutton maxbutton-lohn-und-uberstunden\" href=\"http:\/\/www.johanna-swist.de\/wpjs\/de\/arbeitsrecht-lohn-und-verguetung-von-ueberstunden\/\"><span class='mb-text'>Lohn &amp; \u00dcberstunden<\/span><\/a><\/p>\n<p style=\"text-align: center;\"><a class=\"maxbutton-37 maxbutton maxbutton-berfsausbildung\" title=\"Berufsausbildung\" href=\"http:\/\/www.johanna-swist.de\/wpjs\/de\/infothek-berufsausbildung\/\"><span class='mb-text'>Berufsausbildung<\/span><\/a><\/p>\n<p style=\"text-align: center;\"><a class=\"maxbutton-1 maxbutton maxbutton-kunstmanagement\" title=\"Erbrecht\" href=\"http:\/\/www.johanna-swist.de\/wpjs\/de\/erbrecht\/\"><span class='mb-text'>Erbrecht<\/span><\/a><\/p>\n<p style=\"text-align: center;\"><a class=\"maxbutton-107 maxbutton\" title=\"Bildrecht\" href=\"https:\/\/www.johanna-swist.de\/wpjs\/de\/bildrecht\/\"><span class='mb-text'>Bildrecht<\/span><\/a><\/p>\n<p>&nbsp;<\/p>\n<p>&nbsp;<\/p>\n<p>&nbsp;<\/p>\n<p style=\"text-align: center;\"><a class=\"maxbutton-13 maxbutton maxbutton-familienrecht\" title=\"Familienrecht: Ihr Recht in unseren treuen H\u00e4nden!\" href=\"https:\/\/www.johanna-swist.de\/wpjs\/de\/familienrecht-scheidung-unterhalt-vermoegen-versorgung-kindeswohl\/\"><span class='mb-text'>Familienrecht<\/span><\/a><\/p>\n<p>&nbsp;<\/p>\n<p style=\"text-align: center;\"><a class=\"maxbutton-15 maxbutton maxbutton-kaufrecht\" title=\"Kaufrecht\" href=\"http:\/\/www.johanna-swist.de\/wpjs\/de\/kaufrechtliche-forderungen\/\"><span class='mb-text'>Kaufrecht<\/span><\/a><\/p>\n<p>&nbsp;<\/p>\n<p style=\"text-align: center;\"><a class=\"maxbutton-16 maxbutton maxbutton-autokauf-autoreparatur\" title=\"Autokauf &amp; Autoreparatur\" href=\"http:\/\/www.johanna-swist.de\/wpjs\/de\/recht-des-autokaufs\/\"><span class='mb-text'>Autokauf \/ Autoreparatur<\/span><\/a><\/p>\n<p>&nbsp;<\/p>\n<p style=\"text-align: center;\"><a class=\"maxbutton-20 maxbutton maxbutton-werkvertragsrecht-incl-bauvertrag\" title=\"Werkvertragsrecht \u2013 Werklohn, Werkerstellung, Werkmangel\u2026\" href=\"http:\/\/www.johanna-swist.de\/wpjs\/de\/werkvertragsrecht\/\"><span class='mb-text'>Bau- &amp; Werkvertragsrecht<\/span><\/a><\/p>\n<p>&nbsp;<\/p>\n<p style=\"text-align: center;\"><a class=\"maxbutton-24 maxbutton maxbutton-mietrecht\" title=\"Mietrecht \u2013 wenn es im Mietverh\u00e4lltnis br\u00f6ckelt, dann nervt es richtig \u2026.\" href=\"http:\/\/www.johanna-swist.de\/wpjs\/de\/mietrecht\/\"><span class='mb-text'>Mietrecht<\/span><\/a><\/p>\n<p>&nbsp;<\/p>\n<p style=\"text-align: center;\"><a class=\"maxbutton-32 maxbutton maxbutton-sonstige-zivilrechtliche-anspruche\" title=\"Sonstige vertragliche und gesetzliche Anspr\u00fcche\" href=\"http:\/\/www.johanna-swist.de\/wpjs\/de\/forderungseinzug-sonstige-vertragliche-und-gesetzliche-ansprueche\/\"><span class='mb-text'>Sonstige zivilrechtliche Anspr\u00fcche<\/span><\/a><\/p>\n<p>&nbsp;<\/p>\n<p style=\"text-align: center;\"><a class=\"maxbutton-17 maxbutton maxbutton-verkehrsrecht\" title=\"Verkehrsrecht\" href=\"http:\/\/www.johanna-swist.de\/wpjs\/de\/verkehrsrecht\/\"><span class='mb-text'>Verkehrsrecht<\/span><\/a><\/p>\n<p>&nbsp;<\/p>\n<p style=\"text-align: center;\"><a class=\"maxbutton-35 maxbutton maxbutton-personlichkeitsverletzungen\" title=\"Zivilrecht\" href=\"http:\/\/www.johanna-swist.de\/wpjs\/de\/recht-privatperson\/\"><span class='mb-text'>Zivilrecht<\/span><\/a><\/p>\n<p>&nbsp;<\/p>\n<p>&nbsp;<\/p>\n<p>&nbsp;<\/p>\n<p>&nbsp;<\/p>\n<p style=\"text-align: right;\"><em><span style=\"color: #000000;\">\u00a0swist.legal\u00a0&#8211; Rechtsanwaltskanzlei in D\u00fcsseldorf<br \/>\n<\/span><span style=\"color: #000000;\">Ihr Recht in unseren treuen H\u00e4nden<\/span><\/em><\/p>\n<p>&nbsp;<\/p>\n<p>&nbsp;<\/p>\n<h2 style=\"text-align: center;\"><span style=\"color: #000000;\">Kontakt zur Rechtsanwaltskanzlei in D\u00fcsseldorf<\/span><\/h2>\n<p>&nbsp;<\/p>\n<p><span style=\"color: #000000;\">Sie haben ein juristisches Problem, bei dem Ihnen ein Rechtsanwalt behilflich sein kann, dann schicken Sie uns eine E-Mail mit einer Darstellung Ihres Problems.<\/span><\/p>\n<p>&nbsp;<\/p>\n<p style=\"text-align: justify;\"><div class=\"specialtext-content-left effect\"><\/p>\n<p>&nbsp;<\/p>\n<h3 style=\"text-align: center;\"><span style=\"color: #000000;\">Schreiben Sie uns an:<br \/>\n<\/span><span style=\"color: #487693;\">sekretariat@johanna-swist.de<\/span><\/h3>\n<h5 style=\"text-align: center;\"><span style=\"color: #000000;\">oder\u00a0<\/span><\/h5>\n<h3 style=\"text-align: center;\"><span style=\"color: #000000;\">Rufen Sie uns an:<br \/>\n<\/span><span style=\"color: #2f2f80;\">0211 &#8211; 8759\u00a0 8067.<\/span><\/h3>\n<p>&nbsp;<\/p>\n<h2 style=\"text-align: center;\"><span style=\"color: #a0843d;\"><span style=\"color: #ffffff;\">&#8211;<\/span>Wir schenken Ihnen unsere ganze Aufmerksamkeit!<span style=\"color: #ffffff;\">&#8211;<\/span><\/span><\/h2>\n<p style=\"text-align: center;\"><span style=\"color: #ffffff;\">&#8212;&#8212;&#8212;&#8212;&#8212;&#8212;&#8212;&#8212;&#8212;&#8212;&#8212;&#8212;&#8212;&#8212;&#8212;&#8212;&#8212;&#8212;-<\/span><\/p>\n<p><\/div><\/p>\n<p>&nbsp;<\/p>\n<p style=\"text-align: center;\"><strong><a class=\"maxbutton-109 maxbutton\" href=\"javascript:void(0);\"><\/a><\/strong><\/p>\n<p>&nbsp;<\/p>\n<p><a href=\"http:\/\/www.johanna-swist.de\/wpjs\/de\/kanzlei\/\"><img loading=\"lazy\" decoding=\"async\" class=\"Anwaltliche Dienstleistungen f\u00fcr Privatpersonen aligncenter wp-image-7490\" title=\"Anwaltliche Dienstleistungen f\u00fcr Privatpersonen\" src=\"http:\/\/www.johanna-swist.de\/wpjs\/wp-content\/uploads\/2022\/04\/Logo-2-1-300x85.jpg\" alt=\"Anwaltliche Dienstleistungen f\u00fcr Privatpersonen\" width=\"364\" height=\"103\" srcset=\"http:\/\/www.johanna-swist.de\/wpjs\/wp-content\/uploads\/2022\/04\/Logo-2-1-300x85.jpg 300w, http:\/\/www.johanna-swist.de\/wpjs\/wp-content\/uploads\/2022\/04\/Logo-2-1.jpg 337w\" sizes=\"auto, (max-width: 364px) 100vw, 364px\" \/><\/a><\/p>\n<p>&nbsp;<\/p>\n<p>&nbsp;<\/p>\n<p>&nbsp;<\/p>\n<p>&nbsp;<\/p>\n","protected":false},"excerpt":{"rendered":"<p>&nbsp; Anwaltliche Dienstleistungen f\u00fcr Privatpersonen &nbsp; &nbsp; Privatpersonen bieten wir anwaltliche Dienstleistungen aus dem Bereich des Arbeitsrechts und aus dem sehr breiten Bereich des Zivilrechts an. Im Einzelnen umfassen unsere Dienstleistungen: &nbsp; &nbsp; &nbsp; &nbsp; &nbsp; &nbsp; &nbsp; &nbsp; &nbsp;<\/p>\n","protected":false},"author":1,"featured_media":2318,"parent":0,"menu_order":0,"comment_status":"closed","ping_status":"closed","template":"","meta":{"om_disable_all_campaigns":false,"_monsterinsights_skip_tracking":false,"_monsterinsights_sitenote_active":false,"_monsterinsights_sitenote_note":"","_monsterinsights_sitenote_category":0,"_uf_show_specific_survey":0,"_uf_disable_surveys":false,"footnotes":""},"class_list":["post-3386","page","type-page","status-publish","has-post-thumbnail","hentry"],"yoast_head":"<!-- This site is optimized with the Yoast SEO plugin v27.3 - https:\/\/yoast.com\/product\/yoast-seo-wordpress\/ -->\n<title>Anwaltliche Dienstleistungen f\u00fcr Privatpersonen<\/title>\n<meta name=\"description\" content=\"Anwaltliche Dienstleistungen f\u00fcr Privatpersonen - Kanzlei swist.legal - Kontakt: 0211-8759 8067 sekretariat@johanna-swist.de\" \/>\n<meta name=\"robots\" content=\"index, follow, max-snippet:-1, max-image-preview:large, max-video-preview:-1\" \/>\n<link rel=\"canonical\" href=\"http:\/\/www.johanna-swist.de\/wpjs\/de\/unsere-dienstleistungen-an-privatpersonen\/\" \/>\n<meta property=\"og:locale\" content=\"de_DE\" \/>\n<meta property=\"og:type\" content=\"article\" \/>\n<meta property=\"og:title\" content=\"Anwaltliche Dienstleistungen f\u00fcr Privatpersonen\" \/>\n<meta property=\"og:description\" content=\"Anwaltliche Dienstleistungen f\u00fcr Privatpersonen - Kanzlei swist.legal - Kontakt: 0211-8759 8067 sekretariat@johanna-swist.de\" \/>\n<meta property=\"og:url\" content=\"http:\/\/www.johanna-swist.de\/wpjs\/de\/unsere-dienstleistungen-an-privatpersonen\/\" \/>\n<meta property=\"og:site_name\" content=\"swist.legal\" \/>\n<meta property=\"article:modified_time\" content=\"2025-11-07T06:02:03+00:00\" \/>\n<meta property=\"og:image\" content=\"http:\/\/www.johanna-swist.de\/wpjs\/wp-content\/uploads\/2017\/10\/Johanna-xy.jpg\" \/>\n\t<meta property=\"og:image:width\" content=\"626\" \/>\n\t<meta property=\"og:image:height\" content=\"926\" \/>\n\t<meta property=\"og:image:type\" content=\"image\/jpeg\" \/>\n<meta name=\"twitter:card\" content=\"summary_large_image\" \/>\n<meta name=\"twitter:label1\" content=\"Gesch\u00e4tzte Lesezeit\" \/>\n\t<meta name=\"twitter:data1\" content=\"2\u00a0Minuten\" \/>\n<script type=\"application\/ld+json\" class=\"yoast-schema-graph\">{\"@context\":\"https:\\\/\\\/schema.org\",\"@graph\":[{\"@type\":\"WebPage\",\"@id\":\"http:\\\/\\\/www.johanna-swist.de\\\/wpjs\\\/de\\\/unsere-dienstleistungen-an-privatpersonen\\\/\",\"url\":\"http:\\\/\\\/www.johanna-swist.de\\\/wpjs\\\/de\\\/unsere-dienstleistungen-an-privatpersonen\\\/\",\"name\":\"Anwaltliche Dienstleistungen f\u00fcr Privatpersonen\",\"isPartOf\":{\"@id\":\"http:\\\/\\\/www.johanna-swist.de\\\/wpjs\\\/#website\"},\"primaryImageOfPage\":{\"@id\":\"http:\\\/\\\/www.johanna-swist.de\\\/wpjs\\\/de\\\/unsere-dienstleistungen-an-privatpersonen\\\/#primaryimage\"},\"image\":{\"@id\":\"http:\\\/\\\/www.johanna-swist.de\\\/wpjs\\\/de\\\/unsere-dienstleistungen-an-privatpersonen\\\/#primaryimage\"},\"thumbnailUrl\":\"http:\\\/\\\/www.johanna-swist.de\\\/wpjs\\\/wp-content\\\/uploads\\\/2017\\\/10\\\/Johanna-xy.jpg\",\"datePublished\":\"2020-06-13T05:08:53+00:00\",\"dateModified\":\"2025-11-07T06:02:03+00:00\",\"description\":\"Anwaltliche Dienstleistungen f\u00fcr Privatpersonen - Kanzlei swist.legal - Kontakt: 0211-8759 8067 sekretariat@johanna-swist.de\",\"breadcrumb\":{\"@id\":\"http:\\\/\\\/www.johanna-swist.de\\\/wpjs\\\/de\\\/unsere-dienstleistungen-an-privatpersonen\\\/#breadcrumb\"},\"inLanguage\":\"de\",\"potentialAction\":[{\"@type\":\"ReadAction\",\"target\":[\"http:\\\/\\\/www.johanna-swist.de\\\/wpjs\\\/de\\\/unsere-dienstleistungen-an-privatpersonen\\\/\"]}]},{\"@type\":\"ImageObject\",\"inLanguage\":\"de\",\"@id\":\"http:\\\/\\\/www.johanna-swist.de\\\/wpjs\\\/de\\\/unsere-dienstleistungen-an-privatpersonen\\\/#primaryimage\",\"url\":\"http:\\\/\\\/www.johanna-swist.de\\\/wpjs\\\/wp-content\\\/uploads\\\/2017\\\/10\\\/Johanna-xy.jpg\",\"contentUrl\":\"http:\\\/\\\/www.johanna-swist.de\\\/wpjs\\\/wp-content\\\/uploads\\\/2017\\\/10\\\/Johanna-xy.jpg\",\"width\":626,\"height\":926,\"caption\":\"Polskoj\u0119zyczny adwokat w Niemczech\"},{\"@type\":\"BreadcrumbList\",\"@id\":\"http:\\\/\\\/www.johanna-swist.de\\\/wpjs\\\/de\\\/unsere-dienstleistungen-an-privatpersonen\\\/#breadcrumb\",\"itemListElement\":[{\"@type\":\"ListItem\",\"position\":1,\"name\":\"Startseite\",\"item\":\"http:\\\/\\\/www.johanna-swist.de\\\/wpjs\\\/pl\\\/kancelaria-2\\\/\"},{\"@type\":\"ListItem\",\"position\":2,\"name\":\"Anwaltliche Dienstleistungen f\u00fcr Privatpersonen\"}]},{\"@type\":\"WebSite\",\"@id\":\"http:\\\/\\\/www.johanna-swist.de\\\/wpjs\\\/#website\",\"url\":\"http:\\\/\\\/www.johanna-swist.de\\\/wpjs\\\/\",\"name\":\"swist.legal\",\"description\":\"\",\"publisher\":{\"@id\":\"http:\\\/\\\/www.johanna-swist.de\\\/wpjs\\\/#organization\"},\"potentialAction\":[{\"@type\":\"SearchAction\",\"target\":{\"@type\":\"EntryPoint\",\"urlTemplate\":\"http:\\\/\\\/www.johanna-swist.de\\\/wpjs\\\/?s={search_term_string}\"},\"query-input\":{\"@type\":\"PropertyValueSpecification\",\"valueRequired\":true,\"valueName\":\"search_term_string\"}}],\"inLanguage\":\"de\"},{\"@type\":\"Organization\",\"@id\":\"http:\\\/\\\/www.johanna-swist.de\\\/wpjs\\\/#organization\",\"name\":\"swist.legal\",\"url\":\"http:\\\/\\\/www.johanna-swist.de\\\/wpjs\\\/\",\"logo\":{\"@type\":\"ImageObject\",\"inLanguage\":\"de\",\"@id\":\"http:\\\/\\\/www.johanna-swist.de\\\/wpjs\\\/#\\\/schema\\\/logo\\\/image\\\/\",\"url\":\"http:\\\/\\\/www.johanna-swist.de\\\/wpjs\\\/wp-content\\\/uploads\\\/2022\\\/04\\\/cropped-cropped-Logo-1-1.jpg\",\"contentUrl\":\"http:\\\/\\\/www.johanna-swist.de\\\/wpjs\\\/wp-content\\\/uploads\\\/2022\\\/04\\\/cropped-cropped-Logo-1-1.jpg\",\"width\":512,\"height\":512,\"caption\":\"swist.legal\"},\"image\":{\"@id\":\"http:\\\/\\\/www.johanna-swist.de\\\/wpjs\\\/#\\\/schema\\\/logo\\\/image\\\/\"}}]}<\/script>\n<!-- \/ Yoast SEO plugin. -->","yoast_head_json":{"title":"Anwaltliche Dienstleistungen f\u00fcr Privatpersonen","description":"Anwaltliche Dienstleistungen f\u00fcr Privatpersonen - Kanzlei swist.legal - Kontakt: 0211-8759 8067 sekretariat@johanna-swist.de","robots":{"index":"index","follow":"follow","max-snippet":"max-snippet:-1","max-image-preview":"max-image-preview:large","max-video-preview":"max-video-preview:-1"},"canonical":"http:\/\/www.johanna-swist.de\/wpjs\/de\/unsere-dienstleistungen-an-privatpersonen\/","og_locale":"de_DE","og_type":"article","og_title":"Anwaltliche Dienstleistungen f\u00fcr Privatpersonen","og_description":"Anwaltliche Dienstleistungen f\u00fcr Privatpersonen - Kanzlei swist.legal - Kontakt: 0211-8759 8067 sekretariat@johanna-swist.de","og_url":"http:\/\/www.johanna-swist.de\/wpjs\/de\/unsere-dienstleistungen-an-privatpersonen\/","og_site_name":"swist.legal","article_modified_time":"2025-11-07T06:02:03+00:00","og_image":[{"width":626,"height":926,"url":"http:\/\/www.johanna-swist.de\/wpjs\/wp-content\/uploads\/2017\/10\/Johanna-xy.jpg","type":"image\/jpeg"}],"twitter_card":"summary_large_image","twitter_misc":{"Gesch\u00e4tzte Lesezeit":"2\u00a0Minuten"},"schema":{"@context":"https:\/\/schema.org","@graph":[{"@type":"WebPage","@id":"http:\/\/www.johanna-swist.de\/wpjs\/de\/unsere-dienstleistungen-an-privatpersonen\/","url":"http:\/\/www.johanna-swist.de\/wpjs\/de\/unsere-dienstleistungen-an-privatpersonen\/","name":"Anwaltliche Dienstleistungen f\u00fcr Privatpersonen","isPartOf":{"@id":"http:\/\/www.johanna-swist.de\/wpjs\/#website"},"primaryImageOfPage":{"@id":"http:\/\/www.johanna-swist.de\/wpjs\/de\/unsere-dienstleistungen-an-privatpersonen\/#primaryimage"},"image":{"@id":"http:\/\/www.johanna-swist.de\/wpjs\/de\/unsere-dienstleistungen-an-privatpersonen\/#primaryimage"},"thumbnailUrl":"http:\/\/www.johanna-swist.de\/wpjs\/wp-content\/uploads\/2017\/10\/Johanna-xy.jpg","datePublished":"2020-06-13T05:08:53+00:00","dateModified":"2025-11-07T06:02:03+00:00","description":"Anwaltliche Dienstleistungen f\u00fcr Privatpersonen - Kanzlei swist.legal - Kontakt: 0211-8759 8067 sekretariat@johanna-swist.de","breadcrumb":{"@id":"http:\/\/www.johanna-swist.de\/wpjs\/de\/unsere-dienstleistungen-an-privatpersonen\/#breadcrumb"},"inLanguage":"de","potentialAction":[{"@type":"ReadAction","target":["http:\/\/www.johanna-swist.de\/wpjs\/de\/unsere-dienstleistungen-an-privatpersonen\/"]}]},{"@type":"ImageObject","inLanguage":"de","@id":"http:\/\/www.johanna-swist.de\/wpjs\/de\/unsere-dienstleistungen-an-privatpersonen\/#primaryimage","url":"http:\/\/www.johanna-swist.de\/wpjs\/wp-content\/uploads\/2017\/10\/Johanna-xy.jpg","contentUrl":"http:\/\/www.johanna-swist.de\/wpjs\/wp-content\/uploads\/2017\/10\/Johanna-xy.jpg","width":626,"height":926,"caption":"Polskoj\u0119zyczny adwokat w Niemczech"},{"@type":"BreadcrumbList","@id":"http:\/\/www.johanna-swist.de\/wpjs\/de\/unsere-dienstleistungen-an-privatpersonen\/#breadcrumb","itemListElement":[{"@type":"ListItem","position":1,"name":"Startseite","item":"http:\/\/www.johanna-swist.de\/wpjs\/pl\/kancelaria-2\/"},{"@type":"ListItem","position":2,"name":"Anwaltliche Dienstleistungen f\u00fcr Privatpersonen"}]},{"@type":"WebSite","@id":"http:\/\/www.johanna-swist.de\/wpjs\/#website","url":"http:\/\/www.johanna-swist.de\/wpjs\/","name":"swist.legal","description":"","publisher":{"@id":"http:\/\/www.johanna-swist.de\/wpjs\/#organization"},"potentialAction":[{"@type":"SearchAction","target":{"@type":"EntryPoint","urlTemplate":"http:\/\/www.johanna-swist.de\/wpjs\/?s={search_term_string}"},"query-input":{"@type":"PropertyValueSpecification","valueRequired":true,"valueName":"search_term_string"}}],"inLanguage":"de"},{"@type":"Organization","@id":"http:\/\/www.johanna-swist.de\/wpjs\/#organization","name":"swist.legal","url":"http:\/\/www.johanna-swist.de\/wpjs\/","logo":{"@type":"ImageObject","inLanguage":"de","@id":"http:\/\/www.johanna-swist.de\/wpjs\/#\/schema\/logo\/image\/","url":"http:\/\/www.johanna-swist.de\/wpjs\/wp-content\/uploads\/2022\/04\/cropped-cropped-Logo-1-1.jpg","contentUrl":"http:\/\/www.johanna-swist.de\/wpjs\/wp-content\/uploads\/2022\/04\/cropped-cropped-Logo-1-1.jpg","width":512,"height":512,"caption":"swist.legal"},"image":{"@id":"http:\/\/www.johanna-swist.de\/wpjs\/#\/schema\/logo\/image\/"}}]}},"_links":{"self":[{"href":"http:\/\/www.johanna-swist.de\/wpjs\/wp-json\/wp\/v2\/pages\/3386","targetHints":{"allow":["GET"]}}],"collection":[{"href":"http:\/\/www.johanna-swist.de\/wpjs\/wp-json\/wp\/v2\/pages"}],"about":[{"href":"http:\/\/www.johanna-swist.de\/wpjs\/wp-json\/wp\/v2\/types\/page"}],"author":[{"embeddable":true,"href":"http:\/\/www.johanna-swist.de\/wpjs\/wp-json\/wp\/v2\/users\/1"}],"replies":[{"embeddable":true,"href":"http:\/\/www.johanna-swist.de\/wpjs\/wp-json\/wp\/v2\/comments?post=3386"}],"version-history":[{"count":53,"href":"http:\/\/www.johanna-swist.de\/wpjs\/wp-json\/wp\/v2\/pages\/3386\/revisions"}],"predecessor-version":[{"id":8299,"href":"http:\/\/www.johanna-swist.de\/wpjs\/wp-json\/wp\/v2\/pages\/3386\/revisions\/8299"}],"wp:featuredmedia":[{"embeddable":true,"href":"http:\/\/www.johanna-swist.de\/wpjs\/wp-json\/wp\/v2\/media\/2318"}],"wp:attachment":[{"href":"http:\/\/www.johanna-swist.de\/wpjs\/wp-json\/wp\/v2\/media?parent=3386"}],"curies":[{"name":"wp","href":"https:\/\/api.w.org\/{rel}","templated":true}]}}