{"id":222,"date":"2020-06-15T23:26:53","date_gmt":"2020-06-15T23:26:53","guid":{"rendered":"http:\/\/johanna-swist.de\/wpjs\/?page_id=222"},"modified":"2022-06-12T12:52:51","modified_gmt":"2022-06-12T12:52:51","slug":"prawo-najmu","status":"publish","type":"page","link":"http:\/\/www.johanna-swist.de\/wpjs\/pl\/prawo-najmu\/","title":{"rendered":"Windykacja roszcze\u0144 w Niemczech &#8211; prawo najmu w Niemczech \u2013 gdy stosunek najmu si\u0119 rozpada, denerwuje to ka\u017cdego \u2026.."},"content":{"rendered":"<h1 style=\"text-align: center;\"><span style=\"color: #000000;\">Prawo najmu w Niemczech<\/span><\/h1>\n<p>&nbsp;<\/p>\n<p style=\"text-align: justify;\"><span style=\"color: #000000;\">Niemal ka\u017cdy z nas ma kiedy\u015b doczynienia z prawem najmu w Niemczech:<\/span><\/p>\n<ul>\n<li style=\"text-align: justify;\"><span style=\"color: #000000;\">jako dziecko, gdy rodzice m\u00f3wi\u0105, \u017ce nie powinno by\u0107 tak g\u0142o\u015bno, poniewa\u017c przeszkadza to s\u0105siadom,<\/span><\/li>\n<li style=\"text-align: justify;\"><span style=\"color: #000000;\">jako student, kt\u00f3ry wynajmuje pok\u00f3j jako lokator swojego pierwszego mieszkania,<\/span><\/li>\n<li style=\"text-align: justify;\"><span style=\"color: #000000;\">jako w\u0142a\u015bciciel, gdy rozwa\u017ca, co jest wa\u017cne w pisemnej umowie najmu.<br \/>\n<\/span><\/li>\n<\/ul>\n<p>&nbsp;<\/p>\n<p style=\"text-align: center;\"><span style=\"color: #999999;\">____________________________________________<\/span><\/p>\n<p>&nbsp;<\/p>\n<p>&nbsp;<\/p>\n<h2 style=\"text-align: center;\"><span style=\"color: #000000;\">Prawo najmu w Niemczech: zakres naszych us\u0142ug<\/span><\/h2>\n<p>&nbsp;<\/p>\n<p style=\"text-align: justify;\"><span style=\"color: #000000;\">Kancelaria Swist realizuje Pa\u0144stwa interesy prawne w zakresie niemieckiego prawa najmu. Przedmiot naszej dzia\u0142alno\u015bci obejmuje nast\u0119puj\u0105ce obszary prawa najmu w Niemczech:<\/span><\/p>\n<ul style=\"text-align: justify;\">\n<li><span style=\"color: #000000;\">wady najmu nieruchomo\u015bci i ich usuni\u0119cie,<\/span><\/li>\n<li><span style=\"color: #000000;\">wypowiedzenie umowy najmu,<\/span><\/li>\n<li><span style=\"color: #000000;\">nieuiszczony czynsz i odszkodowanie,<\/span><\/li>\n<li><span style=\"color: #000000;\">weryfikacja rachunku za koszty eksploatacji,<\/span><\/li>\n<li><span style=\"color: #000000;\">naruszenie spokoju domowego i stosunku s\u0105siedzkiego.<\/span><\/li>\n<\/ul>\n<p style=\"text-align: justify;\"><span style=\"color: #000000;\">Nasza dzia\u0142alno\u015b\u0107 dotyczy zar\u00f3wno mieszka\u0144 czynszowych jak i nieruchomo\u015bci wykorzystywanych do cel\u00f3w gospodarczych.<\/span><\/p>\n<p>&nbsp;<\/p>\n<style>.eic-frame-2399 { width: 541px; height:277px; background-color: #ffffff; border: 0px solid #ffffff; }.eic-frame-2399 .eic-image { border: 0px solid #ffffff; }<\/style><div class=\"eic-container\"><div class=\"eic-frame eic-frame-2399 eic-frame-3-col\" data-layout-name=\"3-col\" data-orig-width=\"541\" data-orig-border=\"0\" data-ratio=\"1.95\"><div class=\"eic-cols\"><div class=\"eic-col eic-child-1\" style=\"top: 0; bottom: 0; left: 0; right: 33.333%; width: 33.333%;\"><div class=\"eic-image eic-image-0\" data-size-x=\"257\" data-size-y=\"277\" data-pos-x=\"-65\" data-pos-y=\"0\"><img decoding=\"async\" src=\"http:\/\/www.johanna-swist.de\/wpjs\/wp-content\/uploads\/2017\/06\/DSC07696-3-277x300.jpg\" style=\"width: 257px !important;height: 277px !important;max-width: none !important;max-height: none !important;position: absolute !important;left: -65px !important;top: 0px !important;padding: 0 !important;margin: 0 !important;border: none !important;\" title=\"\" alt=\"\" \/><\/div><\/div><div class=\"eic-col eic-child-2\" style=\"top: 0; bottom: 0; right: 0; left: 33.333%; width: 66.667%;\"><div class=\"eic-cols\"><div class=\"eic-col eic-child-1\" style=\"top: 0; bottom: 0; left: 0; right: 50%; width: 50%;\"><div class=\"eic-image eic-image-1\" data-size-x=\"188\" data-size-y=\"277\" data-pos-x=\"-4\" data-pos-y=\"0\"><img decoding=\"async\" src=\"http:\/\/www.johanna-swist.de\/wpjs\/wp-content\/uploads\/2017\/10\/Johanna-xy-203x300.jpg\" style=\"width: 188px !important;height: 277px !important;max-width: none !important;max-height: none !important;position: absolute !important;left: -4px !important;top: 0px !important;padding: 0 !important;margin: 0 !important;border: none !important;\" title=\"Polskoj\u0119zyczny adwokat w Niemczech\" alt=\"adwokat w Niemczech\" \/><\/div><\/div><div class=\"eic-col eic-child-2\" style=\"top: 0; bottom: 0; right: 0; left: 50%; width: 50%;\"><div class=\"eic-image eic-image-2\" data-size-x=\"330\" data-size-y=\"277\" data-pos-x=\"-63\" data-pos-y=\"0\"><img decoding=\"async\" src=\"http:\/\/www.johanna-swist.de\/wpjs\/wp-content\/uploads\/2017\/06\/Mietrecht-2-768x645.jpg\" style=\"width: 330px !important;height: 277px !important;max-width: none !important;max-height: none !important;position: absolute !important;left: -63px !important;top: 0px !important;padding: 0 !important;margin: 0 !important;border: none !important;\" title=\"\" alt=\"\" \/><\/div><\/div><\/div><\/div><\/div><\/div><\/div>\n<p>&nbsp;<\/p>\n<p style=\"text-align: center;\"><span style=\"color: #999999;\">____________________________________________<\/span><\/p>\n<p>&nbsp;<\/p>\n<p>&nbsp;<\/p>\n<h2 style=\"text-align: center;\"><span style=\"color: #000000;\">Prawo najmu w Niemczech: nasze us\u0142ugi w przypadku mieszkania<\/span><\/h2>\n<p>&nbsp;<\/p>\n<p style=\"text-align: justify;\"><span style=\"color: #000000;\">Jednym z najwa\u017cniejszych zagadnie\u0144 dla osoby indywidualnej jest prawo najmu, a w szczeg\u00f3lno\u015bci prawo najmu mieszkania. Cz\u0119sto wi\u0105\u017ce si\u0119 to z nast\u0119puj\u0105cymi zagadnieniami:<\/span><\/p>\n<ul>\n<li style=\"text-align: justify;\"><span style=\"color: #000000;\">przygotowanie umowy najmu i kontrola jej tre\u015bci,<\/span><\/li>\n<li style=\"text-align: justify;\"><span style=\"color: #000000;\">egzekwowanie prawa u\u017cytkowania,<\/span><\/li>\n<li><span style=\"color: #000000;\">prawid\u0142owo\u015b\u0107 terminowego wypowiedzenia lub wypowiedzenia natychmiastowego,<\/span><\/li>\n<li><span style=\"color: #000000;\">zw\u0142oka w p\u0142atno\u015bci czynszu,<\/span><\/li>\n<li><span style=\"color: #000000;\">w\u0142a\u015bciwo\u015b\u0107 rocznego rozliczenia dodatkowych op\u0142at zwi\u0105zanych z najmem (\u201eBetriebskostenabrechnung\u201d),<\/span><\/li>\n<li><span style=\"color: #000000;\">naprawy i konserwacje,<\/span><\/li>\n<li><span style=\"color: #000000;\">obni\u017cenie lub podniesienie czynszu,<\/span><\/li>\n<li><span style=\"color: #000000;\">zwrot wynajmowanej nieruchomo\u015bci,<\/span><\/li>\n<li><span style=\"color: #000000;\">zwrot kaucji i sporz\u0105dzenie rozliczenia kaucji,<\/span><\/li>\n<li><span style=\"color: #000000;\">wypowiedzenie umowy najmu z powodu w\u0142asnych potrzeb,<\/span><\/li>\n<li><span style=\"color: #000000;\">trzymanie zwierz\u0105t domowych w wynaj\u0119tym pomieszczeniu,<\/span><\/li>\n<li><span style=\"color: #000000;\">podnajem,<\/span><\/li>\n<li><span style=\"color: #000000;\">prawo kaucji przys\u0142uguj\u0105ce wynajmuj\u0105cemu,<\/span><\/li>\n<li><span style=\"color: #000000;\">prace modernizacyjne i ich tolerowanie.<\/span><\/li>\n<\/ul>\n<p style=\"text-align: center;\"><span style=\"color: #999999;\">____________________________________________<\/span><\/p>\n<p>&nbsp;<\/p>\n<p>&nbsp;<\/p>\n<h2 style=\"text-align: center;\"><span style=\"color: #000000;\">Dalsze us\u0142ugi powi\u0105zane z najmem<br \/>\n<\/span><\/h2>\n<p>&nbsp;<\/p>\n<p style=\"text-align: justify;\"><span style=\"color: #000000;\">Ponadto doradzamy oraz reprezentujemy naszych klient\u00f3w w nast\u0119puj\u0105cym zakresie:<\/span><\/p>\n<ul>\n<li style=\"text-align: justify;\"><span style=\"color: #000000;\">prawo s\u0105siedzkie,<\/span><\/li>\n<li style=\"text-align: justify;\"><span style=\"color: #000000;\">prawo najmu dotycz\u0105ce nieruchomo\u015bci przeznaczonych na dzia\u0142alno\u015b\u0107 gospodarcz\u0105,<\/span><\/li>\n<li style=\"text-align: justify;\"><span style=\"color: #000000;\">prawo zarz\u0105dzania nieruchomo\u015bciami,<\/span><\/li>\n<li style=\"text-align: justify;\"><span style=\"color: #000000;\">prawo wsp\u00f3lnoty mieszkaniowej , w szczeg\u00f3lno\u015bci prawa i obowi\u0105zki zgromadzenia w\u0142a\u015bcicieli,<\/span><\/li>\n<li style=\"text-align: justify;\"><span style=\"color: #000000;\">prawo dzier\u017cawy,<\/span><\/li>\n<li style=\"text-align: justify;\"><span style=\"color: #000000;\">prawo maklerskie.<\/span><\/li>\n<\/ul>\n<p><span style=\"color: #000000;\">Doradzamy i reprezentujemy naszych klient\u00f3w w przypadku wniosk\u00f3w o eksmisj\u0119. Reprezentujemy Pa\u0144stwa interesy w post\u0119powaniu pozas\u0105dowym jak i s\u0105dowym. S\u0142u\u017cymy pomoc\u0105 w zakresie przeprowadzania jak i ochrony przed dzia\u0142aniami egzekucyjnymi.<\/span><\/p>\n<p style=\"text-align: right;\"><span style=\"color: #000000;\"><em>Kancelaria Swist \u2013 Kancelaria w D\u00fcsseldorfie<br \/>\nAdwokat w Niemczech<\/em><\/span><br \/>\n<em><span style=\"color: #000000;\">Pa\u0144stwa prawo w naszych wiernych r\u0119kach<\/span><\/em><\/p>\n<p>&nbsp;<\/p>\n<p style=\"text-align: center;\"><span style=\"color: #999999;\">____________________________________________<\/span><\/p>\n<p>&nbsp;<\/p>\n<p>&nbsp;<\/p>\n<p><a href=\"http:\/\/www.johanna-swist.de\/wpjs\/pl\/kancelaria-2\/\"><img loading=\"lazy\" decoding=\"async\" class=\"Prawo najmu w Niemczech aligncenter wp-image-7490\" title=\"Prawo najmu w Niemczech\" src=\"http:\/\/www.johanna-swist.de\/wpjs\/wp-content\/uploads\/2022\/04\/Logo-2-1-300x85.jpg\" alt=\"Prawo najmu w Niemczech\" width=\"498\" height=\"141\" srcset=\"http:\/\/www.johanna-swist.de\/wpjs\/wp-content\/uploads\/2022\/04\/Logo-2-1-300x85.jpg 300w, http:\/\/www.johanna-swist.de\/wpjs\/wp-content\/uploads\/2022\/04\/Logo-2-1.jpg 337w\" sizes=\"auto, (max-width: 498px) 100vw, 498px\" \/><\/a><\/p>\n<p>&nbsp;<\/p>\n<p>&nbsp;<\/p>\n<p>&nbsp;<\/p>\n<p style=\"text-align: justify;\"><div class=\"specialtext-content-left effect\"><\/p>\n<h3 style=\"text-align: center;\">Prosimy o kontakt!Tel.: <span style=\"color: #1414ff;\">+49 (0) 211 &#8211; 8759\u00a0 8066<\/span><\/h3>\n<p><\/div><\/p>\n<p>&nbsp;<\/p>\n","protected":false},"excerpt":{"rendered":"<p>Prawo najmu w Niemczech &nbsp; Niemal ka\u017cdy z nas ma kiedy\u015b doczynienia z prawem najmu w Niemczech: jako dziecko, gdy rodzice m\u00f3wi\u0105, \u017ce nie powinno by\u0107 tak g\u0142o\u015bno, poniewa\u017c przeszkadza to s\u0105siadom, jako student, kt\u00f3ry wynajmuje pok\u00f3j jako lokator swojego<\/p>\n","protected":false},"author":1,"featured_media":275,"parent":0,"menu_order":0,"comment_status":"closed","ping_status":"closed","template":"","meta":{"om_disable_all_campaigns":false,"_monsterinsights_skip_tracking":false,"_monsterinsights_sitenote_active":false,"_monsterinsights_sitenote_note":"","_monsterinsights_sitenote_category":0,"_uf_show_specific_survey":0,"_uf_disable_surveys":false,"footnotes":""},"class_list":["post-222","page","type-page","status-publish","has-post-thumbnail","hentry"],"yoast_head":"<!-- This site is optimized with the Yoast SEO plugin v27.3 - https:\/\/yoast.com\/product\/yoast-seo-wordpress\/ -->\n<title>Kancelaria w D\u00fcsseldorfie | Prawo najmu w Niemczech!<\/title>\n<meta name=\"description\" content=\"Prawo najmu w Niemczech - Adwokat w Niemczech - Prawnik - Kontakt: + 49 (0) 211-8759 8067 lub sekretariat@johanna-swist.de\" \/>\n<meta name=\"robots\" content=\"index, follow, max-snippet:-1, max-image-preview:large, max-video-preview:-1\" \/>\n<link rel=\"canonical\" href=\"http:\/\/www.johanna-swist.de\/wpjs\/pl\/prawo-najmu\/\" \/>\n<meta property=\"og:locale\" content=\"de_DE\" \/>\n<meta property=\"og:type\" content=\"article\" \/>\n<meta property=\"og:title\" content=\"Kancelaria w D\u00fcsseldorfie | Prawo najmu w Niemczech!\" \/>\n<meta property=\"og:description\" content=\"Prawo najmu w Niemczech - Adwokat w Niemczech - Prawnik - Kontakt: + 49 (0) 211-8759 8067 lub sekretariat@johanna-swist.de\" \/>\n<meta property=\"og:url\" content=\"http:\/\/www.johanna-swist.de\/wpjs\/pl\/prawo-najmu\/\" \/>\n<meta property=\"og:site_name\" content=\"swist.legal\" \/>\n<meta property=\"article:modified_time\" content=\"2022-06-12T12:52:51+00:00\" \/>\n<meta property=\"og:image\" content=\"https:\/\/www.johanna-swist.de\/wpjs\/wp-content\/uploads\/2015\/06\/johannaswist_4081.jpg\" \/>\n\t<meta property=\"og:image:width\" content=\"408\" \/>\n\t<meta property=\"og:image:height\" content=\"269\" \/>\n\t<meta property=\"og:image:type\" content=\"image\/jpeg\" \/>\n<meta name=\"twitter:card\" content=\"summary_large_image\" \/>\n<meta name=\"twitter:label1\" content=\"Gesch\u00e4tzte Lesezeit\" \/>\n\t<meta name=\"twitter:data1\" content=\"2\u00a0Minuten\" \/>\n<script type=\"application\/ld+json\" class=\"yoast-schema-graph\">{\"@context\":\"https:\\\/\\\/schema.org\",\"@graph\":[{\"@type\":\"WebPage\",\"@id\":\"http:\\\/\\\/www.johanna-swist.de\\\/wpjs\\\/pl\\\/prawo-najmu\\\/\",\"url\":\"http:\\\/\\\/www.johanna-swist.de\\\/wpjs\\\/pl\\\/prawo-najmu\\\/\",\"name\":\"Kancelaria w D\u00fcsseldorfie | Prawo najmu w Niemczech!\",\"isPartOf\":{\"@id\":\"http:\\\/\\\/www.johanna-swist.de\\\/wpjs\\\/#website\"},\"primaryImageOfPage\":{\"@id\":\"http:\\\/\\\/www.johanna-swist.de\\\/wpjs\\\/pl\\\/prawo-najmu\\\/#primaryimage\"},\"image\":{\"@id\":\"http:\\\/\\\/www.johanna-swist.de\\\/wpjs\\\/pl\\\/prawo-najmu\\\/#primaryimage\"},\"thumbnailUrl\":\"http:\\\/\\\/www.johanna-swist.de\\\/wpjs\\\/wp-content\\\/uploads\\\/2015\\\/06\\\/johannaswist_4081.jpg\",\"datePublished\":\"2020-06-15T23:26:53+00:00\",\"dateModified\":\"2022-06-12T12:52:51+00:00\",\"description\":\"Prawo najmu w Niemczech - Adwokat w Niemczech - Prawnik - Kontakt: + 49 (0) 211-8759 8067 lub sekretariat@johanna-swist.de\",\"breadcrumb\":{\"@id\":\"http:\\\/\\\/www.johanna-swist.de\\\/wpjs\\\/pl\\\/prawo-najmu\\\/#breadcrumb\"},\"inLanguage\":\"de\",\"potentialAction\":[{\"@type\":\"ReadAction\",\"target\":[\"http:\\\/\\\/www.johanna-swist.de\\\/wpjs\\\/pl\\\/prawo-najmu\\\/\"]}]},{\"@type\":\"ImageObject\",\"inLanguage\":\"de\",\"@id\":\"http:\\\/\\\/www.johanna-swist.de\\\/wpjs\\\/pl\\\/prawo-najmu\\\/#primaryimage\",\"url\":\"http:\\\/\\\/www.johanna-swist.de\\\/wpjs\\\/wp-content\\\/uploads\\\/2015\\\/06\\\/johannaswist_4081.jpg\",\"contentUrl\":\"http:\\\/\\\/www.johanna-swist.de\\\/wpjs\\\/wp-content\\\/uploads\\\/2015\\\/06\\\/johannaswist_4081.jpg\",\"width\":408,\"height\":269,\"caption\":\"Polskoj\u0119zyczny adwokat w Niemczech\"},{\"@type\":\"BreadcrumbList\",\"@id\":\"http:\\\/\\\/www.johanna-swist.de\\\/wpjs\\\/pl\\\/prawo-najmu\\\/#breadcrumb\",\"itemListElement\":[{\"@type\":\"ListItem\",\"position\":1,\"name\":\"Startseite\",\"item\":\"https:\\\/\\\/www.johanna-swist.de\\\/wpjs\\\/pl\\\/kancelaria-2\\\/\"},{\"@type\":\"ListItem\",\"position\":2,\"name\":\"Windykacja roszcze\u0144 w Niemczech &#8211; prawo najmu w Niemczech \u2013 gdy stosunek najmu si\u0119 rozpada, denerwuje to ka\u017cdego \u2026..\"}]},{\"@type\":\"WebSite\",\"@id\":\"http:\\\/\\\/www.johanna-swist.de\\\/wpjs\\\/#website\",\"url\":\"http:\\\/\\\/www.johanna-swist.de\\\/wpjs\\\/\",\"name\":\"swist.legal\",\"description\":\"\",\"publisher\":{\"@id\":\"http:\\\/\\\/www.johanna-swist.de\\\/wpjs\\\/#organization\"},\"potentialAction\":[{\"@type\":\"SearchAction\",\"target\":{\"@type\":\"EntryPoint\",\"urlTemplate\":\"http:\\\/\\\/www.johanna-swist.de\\\/wpjs\\\/?s={search_term_string}\"},\"query-input\":{\"@type\":\"PropertyValueSpecification\",\"valueRequired\":true,\"valueName\":\"search_term_string\"}}],\"inLanguage\":\"de\"},{\"@type\":\"Organization\",\"@id\":\"http:\\\/\\\/www.johanna-swist.de\\\/wpjs\\\/#organization\",\"name\":\"swist.legal\",\"url\":\"http:\\\/\\\/www.johanna-swist.de\\\/wpjs\\\/\",\"logo\":{\"@type\":\"ImageObject\",\"inLanguage\":\"de\",\"@id\":\"http:\\\/\\\/www.johanna-swist.de\\\/wpjs\\\/#\\\/schema\\\/logo\\\/image\\\/\",\"url\":\"http:\\\/\\\/www.johanna-swist.de\\\/wpjs\\\/wp-content\\\/uploads\\\/2022\\\/04\\\/cropped-cropped-Logo-1-1.jpg\",\"contentUrl\":\"http:\\\/\\\/www.johanna-swist.de\\\/wpjs\\\/wp-content\\\/uploads\\\/2022\\\/04\\\/cropped-cropped-Logo-1-1.jpg\",\"width\":512,\"height\":512,\"caption\":\"swist.legal\"},\"image\":{\"@id\":\"http:\\\/\\\/www.johanna-swist.de\\\/wpjs\\\/#\\\/schema\\\/logo\\\/image\\\/\"}}]}<\/script>\n<!-- \/ Yoast SEO plugin. -->","yoast_head_json":{"title":"Kancelaria w D\u00fcsseldorfie | Prawo najmu w Niemczech!","description":"Prawo najmu w Niemczech - Adwokat w Niemczech - Prawnik - Kontakt: + 49 (0) 211-8759 8067 lub sekretariat@johanna-swist.de","robots":{"index":"index","follow":"follow","max-snippet":"max-snippet:-1","max-image-preview":"max-image-preview:large","max-video-preview":"max-video-preview:-1"},"canonical":"http:\/\/www.johanna-swist.de\/wpjs\/pl\/prawo-najmu\/","og_locale":"de_DE","og_type":"article","og_title":"Kancelaria w D\u00fcsseldorfie | Prawo najmu w Niemczech!","og_description":"Prawo najmu w Niemczech - Adwokat w Niemczech - Prawnik - Kontakt: + 49 (0) 211-8759 8067 lub sekretariat@johanna-swist.de","og_url":"http:\/\/www.johanna-swist.de\/wpjs\/pl\/prawo-najmu\/","og_site_name":"swist.legal","article_modified_time":"2022-06-12T12:52:51+00:00","og_image":[{"width":408,"height":269,"url":"https:\/\/www.johanna-swist.de\/wpjs\/wp-content\/uploads\/2015\/06\/johannaswist_4081.jpg","type":"image\/jpeg"}],"twitter_card":"summary_large_image","twitter_misc":{"Gesch\u00e4tzte Lesezeit":"2\u00a0Minuten"},"schema":{"@context":"https:\/\/schema.org","@graph":[{"@type":"WebPage","@id":"http:\/\/www.johanna-swist.de\/wpjs\/pl\/prawo-najmu\/","url":"http:\/\/www.johanna-swist.de\/wpjs\/pl\/prawo-najmu\/","name":"Kancelaria w D\u00fcsseldorfie | Prawo najmu w Niemczech!","isPartOf":{"@id":"http:\/\/www.johanna-swist.de\/wpjs\/#website"},"primaryImageOfPage":{"@id":"http:\/\/www.johanna-swist.de\/wpjs\/pl\/prawo-najmu\/#primaryimage"},"image":{"@id":"http:\/\/www.johanna-swist.de\/wpjs\/pl\/prawo-najmu\/#primaryimage"},"thumbnailUrl":"http:\/\/www.johanna-swist.de\/wpjs\/wp-content\/uploads\/2015\/06\/johannaswist_4081.jpg","datePublished":"2020-06-15T23:26:53+00:00","dateModified":"2022-06-12T12:52:51+00:00","description":"Prawo najmu w Niemczech - Adwokat w Niemczech - Prawnik - Kontakt: + 49 (0) 211-8759 8067 lub sekretariat@johanna-swist.de","breadcrumb":{"@id":"http:\/\/www.johanna-swist.de\/wpjs\/pl\/prawo-najmu\/#breadcrumb"},"inLanguage":"de","potentialAction":[{"@type":"ReadAction","target":["http:\/\/www.johanna-swist.de\/wpjs\/pl\/prawo-najmu\/"]}]},{"@type":"ImageObject","inLanguage":"de","@id":"http:\/\/www.johanna-swist.de\/wpjs\/pl\/prawo-najmu\/#primaryimage","url":"http:\/\/www.johanna-swist.de\/wpjs\/wp-content\/uploads\/2015\/06\/johannaswist_4081.jpg","contentUrl":"http:\/\/www.johanna-swist.de\/wpjs\/wp-content\/uploads\/2015\/06\/johannaswist_4081.jpg","width":408,"height":269,"caption":"Polskoj\u0119zyczny adwokat w Niemczech"},{"@type":"BreadcrumbList","@id":"http:\/\/www.johanna-swist.de\/wpjs\/pl\/prawo-najmu\/#breadcrumb","itemListElement":[{"@type":"ListItem","position":1,"name":"Startseite","item":"https:\/\/www.johanna-swist.de\/wpjs\/pl\/kancelaria-2\/"},{"@type":"ListItem","position":2,"name":"Windykacja roszcze\u0144 w Niemczech &#8211; prawo najmu w Niemczech \u2013 gdy stosunek najmu si\u0119 rozpada, denerwuje to ka\u017cdego \u2026.."}]},{"@type":"WebSite","@id":"http:\/\/www.johanna-swist.de\/wpjs\/#website","url":"http:\/\/www.johanna-swist.de\/wpjs\/","name":"swist.legal","description":"","publisher":{"@id":"http:\/\/www.johanna-swist.de\/wpjs\/#organization"},"potentialAction":[{"@type":"SearchAction","target":{"@type":"EntryPoint","urlTemplate":"http:\/\/www.johanna-swist.de\/wpjs\/?s={search_term_string}"},"query-input":{"@type":"PropertyValueSpecification","valueRequired":true,"valueName":"search_term_string"}}],"inLanguage":"de"},{"@type":"Organization","@id":"http:\/\/www.johanna-swist.de\/wpjs\/#organization","name":"swist.legal","url":"http:\/\/www.johanna-swist.de\/wpjs\/","logo":{"@type":"ImageObject","inLanguage":"de","@id":"http:\/\/www.johanna-swist.de\/wpjs\/#\/schema\/logo\/image\/","url":"http:\/\/www.johanna-swist.de\/wpjs\/wp-content\/uploads\/2022\/04\/cropped-cropped-Logo-1-1.jpg","contentUrl":"http:\/\/www.johanna-swist.de\/wpjs\/wp-content\/uploads\/2022\/04\/cropped-cropped-Logo-1-1.jpg","width":512,"height":512,"caption":"swist.legal"},"image":{"@id":"http:\/\/www.johanna-swist.de\/wpjs\/#\/schema\/logo\/image\/"}}]}},"_links":{"self":[{"href":"http:\/\/www.johanna-swist.de\/wpjs\/wp-json\/wp\/v2\/pages\/222","targetHints":{"allow":["GET"]}}],"collection":[{"href":"http:\/\/www.johanna-swist.de\/wpjs\/wp-json\/wp\/v2\/pages"}],"about":[{"href":"http:\/\/www.johanna-swist.de\/wpjs\/wp-json\/wp\/v2\/types\/page"}],"author":[{"embeddable":true,"href":"http:\/\/www.johanna-swist.de\/wpjs\/wp-json\/wp\/v2\/users\/1"}],"replies":[{"embeddable":true,"href":"http:\/\/www.johanna-swist.de\/wpjs\/wp-json\/wp\/v2\/comments?post=222"}],"version-history":[{"count":43,"href":"http:\/\/www.johanna-swist.de\/wpjs\/wp-json\/wp\/v2\/pages\/222\/revisions"}],"predecessor-version":[{"id":7573,"href":"http:\/\/www.johanna-swist.de\/wpjs\/wp-json\/wp\/v2\/pages\/222\/revisions\/7573"}],"wp:featuredmedia":[{"embeddable":true,"href":"http:\/\/www.johanna-swist.de\/wpjs\/wp-json\/wp\/v2\/media\/275"}],"wp:attachment":[{"href":"http:\/\/www.johanna-swist.de\/wpjs\/wp-json\/wp\/v2\/media?parent=222"}],"curies":[{"name":"wp","href":"https:\/\/api.w.org\/{rel}","templated":true}]}}