{"id":1821,"date":"2020-05-02T10:52:51","date_gmt":"2020-05-02T10:52:51","guid":{"rendered":"http:\/\/www.johanna-swist.de\/wpjs\/?page_id=1821"},"modified":"2022-06-12T13:01:22","modified_gmt":"2022-06-12T13:01:22","slug":"dalsze-dziedziny-prawa","status":"publish","type":"page","link":"http:\/\/www.johanna-swist.de\/wpjs\/pl\/dalsze-dziedziny-prawa\/","title":{"rendered":"Windykacja roszcze\u0144 w Niemczech &#8211; prawo cywilne w Niemczech w kompleksowej i szybko zmieniaj\u0105cej si\u0119 rzeczywisto\u015bci&#8230;"},"content":{"rendered":"<p>&nbsp;<\/p>\n<p>&nbsp;<\/p>\n<h1 style=\"text-align: center;\"><span style=\"color: #000000;\">Prawo cywilne w Niemczech: prawo um\u00f3w i odszkodowa\u0144<\/span><\/h1>\n<p style=\"text-align: right;\"><button id=\"bb1\" type=\"button\" value=\"Play\" class=\"responsivevoice-button\" title=\"ResponsiveVoice Tap to Start\/Stop Speech\"><span>&#128266; S\u0142uchaj<\/span><\/button>\n        <script>\n            bb1.onclick = function(){\n                if(responsiveVoice.isPlaying()){\n                    responsiveVoice.cancel();\n                }else{\n                    responsiveVoice.speak(\"W przypadku dochodzenia odszkodowania lub roszczenia wynikaj\u0105cego z umowy mamy do czynienia z zakresem prawa cywilnego. Tak\u017ce prawo spadkowe lub rodzinne stanowi jego cz\u0119\u015b\u0107. To pokazuje, jak szerokie spektrum obejmuje prawo cywilne, zwa\u017cywszy r\u00f3wnie\u017c na fakt, \u017ce ka\u017cdego dnia nie zawieramy tylko jednej umowy. Robimy zakupy, zawieramy umowy ubezpieczeniowe i telekomunikacyjne. Prawo cywilne kszta\u0142tuje ka\u017cdy nasz dzie\u0144, wywiera wielki wp\u0142yw na nasze \u017cycie, np. w przypadku kupna nieruchomo\u015b\u0107 na kredyt lub je\u017celi wydarzy si\u0119 wypadek. Szczeg\u00f3lnie wa\u017cne s\u0105 umowy, kt\u00f3re zawieramy na p\u0142aszczy\u017anie zawodowej. Z\u0142e wykonanie umowy o dzie\u0142o, czy brak wynagrodzenia za jego wykonanie lub zlecenie, prowadzi cz\u0119sto do zako\u0144czenia dzia\u0142alno\u015bci gospodarczej. Kancelaria Swist wspiera swoich Klient\u00f3w w zakresie prawa cywilnego. W naszej kancelarii mog\u0105 liczy\u0107 Pa\u0144stwo na indywidualn\u0105 konsultacj\u0119. Je\u015bli zwr\u00f3c\u0105 si\u0119 Pa\u0144stwo do nas z problemem s\u0142u\u017cymy pe\u0142n\u0105 zaufania porad\u0105. Zajmujemy si\u0119 sprawami i dziedzinami prawa, z kt\u00f3rymi ka\u017cdy ma styczno\u015b\u0107. Nieprzyjemno\u015bci, kt\u00f3re Pa\u0144stwa spotykaj\u0105 \u00a0jak r\u00f3wnie\u017c istotne zmiany sytuacji \u017cyciowej bierzemy sobie do serca. Udzielamy Pa\u0144stwu porad, aby zwi\u0119kszy\u0107 korzy\u015bci a straty ograniczy\u0107. Dzi\u0119ki naszej wiedzy prawnej i reprezentacji aktywnie Pa\u0144stwa wspieramy. Pracujemy z zaanga\u017cowaniem i skutecznie. Cieszymy si\u0119 na Pa\u0144stwa telefon i ustalenie terminu na osobist\u0105 konsultacj\u0119.\", \"Polish Female\");\n                }\n            };\n        <\/script>\n    <\/p>\n<p style=\"text-align: justify;\"><span style=\"color: #000000;\">W przypadku dochodzenia odszkodowania lub roszczenia wynikaj\u0105cego z umowy mamy do czynienia z zakresem prawa cywilnego. Tak\u017ce prawo spadkowe lub rodzinne stanowi jego cz\u0119\u015b\u0107.<\/span><\/p>\n<p style=\"text-align: justify;\"><span style=\"color: #000000;\">To pokazuje, jak szerokie spektrum obejmuje prawo cywilne, zwa\u017cywszy r\u00f3wnie\u017c na fakt, \u017ce ka\u017cdego dnia nie zawieramy tylko jednej umowy. Robimy zakupy, zawieramy umowy ubezpieczeniowe i telekomunikacyjne. Prawo cywilne kszta\u0142tuje ka\u017cdy nasz dzie\u0144, wywiera wielki wp\u0142yw na nasze \u017cycie, np. w przypadku kupna nieruchomo\u015b\u0107 na kredyt lub je\u017celi wydarzy si\u0119 wypadek.<\/span><\/p>\n<p style=\"text-align: justify;\"><span style=\"color: #000000;\">Szczeg\u00f3lnie wa\u017cne s\u0105 umowy, kt\u00f3re zawieramy na p\u0142aszczy\u017anie zawodowej. Z\u0142e wykonanie umowy o dzie\u0142o, czy brak wynagrodzenia za jego wykonanie lub zlecenie, prowadzi cz\u0119sto do zako\u0144czenia dzia\u0142alno\u015bci gospodarczej.<\/span><\/p>\n<p style=\"text-align: justify;\"><span style=\"color: #000000;\">Kancelaria Swist wspiera swoich Klient\u00f3w w zakresie prawa cywilnego. W naszej kancelarii mog\u0105 liczy\u0107 Pa\u0144stwo na indywidualn\u0105 konsultacj\u0119. Je\u015bli zwr\u00f3c\u0105 si\u0119 Pa\u0144stwo do nas z problemem s\u0142u\u017cymy pe\u0142n\u0105 zaufania porad\u0105. Zajmujemy si\u0119 sprawami i dziedzinami prawa, z kt\u00f3rymi ka\u017cdy ma styczno\u015b\u0107. Nieprzyjemno\u015bci, kt\u00f3re Pa\u0144stwa spotykaj\u0105 \u00a0jak r\u00f3wnie\u017c istotne zmiany sytuacji \u017cyciowej bierzemy sobie do serca. Udzielamy Pa\u0144stwu porad, aby zwi\u0119kszy\u0107 korzy\u015bci a straty ograniczy\u0107. Dzi\u0119ki naszej wiedzy prawnej i reprezentacji aktywnie Pa\u0144stwa wspieramy. Pracujemy z zaanga\u017cowaniem i skutecznie.<\/span><\/p>\n<p style=\"text-align: justify;\"><span style=\"color: #000000;\">Cieszymy si\u0119 na Pa\u0144stwa telefon i ustalenie terminu na osobist\u0105 konsultacj\u0119.<\/span><\/p>\n<p style=\"text-align: justify;\"><\/p>\n<p>&nbsp;<\/p>\n<p style=\"text-align: center;\"><span style=\"color: #999999;\">____________________________________________<\/span><\/p>\n<p>&nbsp;<\/p>\n<p>&nbsp;<\/p>\n<h2 style=\"text-align: center;\"><span style=\"color: #000000;\">Nasza oferta: prawo cywilne w Niemczech<\/span><\/h2>\n<p>&nbsp;<\/p>\n<p style=\"text-align: justify;\"><span style=\"color: #000000;\">W przypadku roszcze\u0144 pieni\u0119\u017cnych, regulacji szkody, \u017c\u0105dania wykonania danej czynno\u015bci lub zaniechania konkretnego dzia\u0142ania, czy te\u017c wymagania innego rodzaju \u015bwiadczenia, poruszamy si\u0119 w obszarze prawa cywilnego.<\/span><\/p>\n<p style=\"text-align: justify;\"><span style=\"color: #000000;\">Kancelaria Swist dzia\u0142a dla swoich Klient\u00f3w w zakresie prawa cywilnego. Bardzo cz\u0119sto zajmujemy si\u0119 nast\u0119puj\u0105cymi dziedzinami.<\/span><\/p>\n<p>&nbsp;<\/p>\n<p style=\"text-align: center;\"><span style=\"color: #000000;\"><a class=\"maxbutton-17 maxbutton maxbutton-verkehrsrecht\" title=\"Verkehrsrecht\" href=\"http:\/\/www.johanna-swist.de\/wpjs\/de\/verkehrsrecht\/\"><span class='mb-text'>Verkehrsrecht<\/span><\/a><\/span><\/p>\n<p style=\"text-align: center;\"><span style=\"color: #000000;\"><a class=\"maxbutton-16 maxbutton maxbutton-autokauf-autoreparatur\" title=\"Autokauf &amp; Autoreparatur\" href=\"http:\/\/www.johanna-swist.de\/wpjs\/de\/recht-des-autokaufs\/\"><span class='mb-text'>Autokauf \/ Autoreparatur<\/span><\/a><\/span><\/p>\n<p style=\"text-align: center;\"><span style=\"color: #000000;\"><a class=\"maxbutton-13 maxbutton maxbutton-familienrecht\" title=\"Familienrecht: Ihr Recht in unseren treuen H\u00e4nden!\" href=\"https:\/\/www.johanna-swist.de\/wpjs\/de\/familienrecht-scheidung-unterhalt-vermoegen-versorgung-kindeswohl\/\"><span class='mb-text'>Familienrecht<\/span><\/a><\/span><\/p>\n<p style=\"text-align: center;\"><span style=\"color: #000000;\"><a class=\"maxbutton-12 maxbutton maxbutton-kundigung-des-arbeitsverhaltnisses\" title=\"K\u00fcndigung des Arbeitsverh\u00e4ltnisses und K\u00fcndigungsschutz\" href=\"https:\/\/www.johanna-swist.de\/wpjs\/de\/infothek-kuendigung-des-arbeitsverhaeltnisses\/\"><span class='mb-text'>Arbeitsk\u00fcndigung<\/span><\/a><\/span><\/p>\n<p>&nbsp;<\/p>\n<p style=\"text-align: justify;\"><span style=\"color: #000000;\">Tak\u017ce dziedziny prawa pracy oraz w\u0142asno\u015bci intelektualnej nale\u017cy zaliczy\u0107 do prawa cywilnego. Maj\u0105 one jednak samodzielne znaczenie. Prawo pracy ma odr\u0119bn\u0105 drog\u0119 s\u0105dow\u0105.<\/span><\/p>\n<p>&nbsp;<\/p>\n<p style=\"text-align: center;\"><span style=\"color: #000000;\"><a class=\"maxbutton-8 maxbutton maxbutton-arbeitsrecht\" title=\"Arbeitsrecht: Ihr Recht in unseren treuen H\u00e4nden!\" href=\"https:\/\/www.johanna-swist.de\/wpjs\/de\/arbeitsrecht\/\"><span class='mb-text'>Arbeitstrecht<\/span><\/a><\/span><\/p>\n<p>&nbsp;<\/p>\n<p style=\"text-align: justify;\"><span style=\"color: #000000;\">Natomiast prawo w\u0142asno\u015bci intelektualnej jest dziedzin\u0105 bardzo rozleg\u0142\u0105 i rozga\u0142\u0119zion\u0105. Charakteryzuj\u0105 je nowe zagadnienia zwi\u0105zane z rozwojem technicznym.\u00a0<\/span><\/p>\n<p>&nbsp;<\/p>\n<p style=\"text-align: center;\"><span style=\"color: #000000;\"><a class=\"maxbutton-5 maxbutton maxbutton-zewen-trzna-obs-uga-kadrowa\" title=\"Prawo pracy\" href=\"http:\/\/www.johanna-swist.de\/wpjs\/pl\/prawo-pracy-2\/\"><span class='mb-text'>Prawo pracy<\/span><\/a><\/span><\/p>\n<p>&nbsp;<\/p>\n<p style=\"text-align: center;\"><span style=\"color: #999999;\">____________________________________________<\/span><\/p>\n<p>&nbsp;<\/p>\n<p>&nbsp;<\/p>\n<h2 style=\"text-align: center;\"><span style=\"color: #000000;\">Wysokie zapotrzebowanie porad prawnych w zakresie prawa cywilnego<br \/>\n<\/span><\/h2>\n<p style=\"text-align: justify;\"><button id=\"bb2\" type=\"button\" value=\"Play\" class=\"responsivevoice-button\" title=\"ResponsiveVoice Tap to Start\/Stop Speech\"><span>&#128266; S\u0142uchaj<\/span><\/button>\n        <script>\n            bb2.onclick = function(){\n                if(responsiveVoice.isPlaying()){\n                    responsiveVoice.cancel();\n                }else{\n                    responsiveVoice.speak(\"\u015awiat, w kt\u00f3rym \u017cyjemy staje si\u0119 ka\u017cdego dnia szybszy i bardziej wymagaj\u0105cy. Znajdujemy nowe zadania, przeprowadzamy si\u0119, zmieniamy kraj, w kt\u00f3rym dotychczas \u017cyli\u015bmy. Nasze zwi\u0105zki ko\u0144cz\u0105 si\u0119 i zaczynaj\u0105 nowe. Oczywi\u015bcie zostajemy w ci\u0105g\u0142ym kontakcie z przyjaci\u00f3\u0142mi, cz\u0142onkami rodziny i bliskimi za pomoc\u0105 medi\u00f3w, serwis\u00f3w spo\u0142eczno\u015bciowych i kr\u00f3tkich odwiedzin. A mimo tego nasi bliscy cz\u0119sto nie maj\u0105 udzia\u0142u w \u017cyciu codziennym, w pojawiaj\u0105cych si\u0119 zapytaniach i troskach. Trudno jest w takiej sytuacji otrzyma\u0107 kompetentn\u0105 porad\u0119. Kancelaria Swist \u2013 Kancelaria w D\u00fcsseldorfie Adwokat w Niemczech Pa\u0144stwa prawo w naszych wiernych r\u0119kach\", \"Polish Female\");\n                }\n            };\n        <\/script>\n    <\/p>\n<p style=\"text-align: justify;\"><span style=\"color: #000000;\">\u015awiat, w kt\u00f3rym \u017cyjemy staje si\u0119 ka\u017cdego dnia szybszy i bardziej wymagaj\u0105cy. Znajdujemy nowe zadania, przeprowadzamy si\u0119, zmieniamy kraj, w kt\u00f3rym dotychczas \u017cyli\u015bmy. Nasze zwi\u0105zki ko\u0144cz\u0105 si\u0119 i zaczynaj\u0105 nowe.<\/span><\/p>\n<p style=\"text-align: justify;\"><span style=\"color: #000000;\">Oczywi\u015bcie zostajemy w ci\u0105g\u0142ym kontakcie z przyjaci\u00f3\u0142mi, cz\u0142onkami rodziny i bliskimi za pomoc\u0105 medi\u00f3w, serwis\u00f3w spo\u0142eczno\u015bciowych i kr\u00f3tkich odwiedzin. A mimo tego nasi bliscy cz\u0119sto nie maj\u0105 udzia\u0142u w \u017cyciu codziennym, w pojawiaj\u0105cych si\u0119 zapytaniach i troskach. Trudno jest w takiej sytuacji otrzyma\u0107 kompetentn\u0105 porad\u0119.<\/span><\/p>\n<p style=\"text-align: right;\"><span style=\"color: #000000;\"><em>Kancelaria Swist \u2013 Kancelaria w D\u00fcsseldorfie<br \/>\nAdwokat w Niemczech<br \/>\n<\/em><\/span><span style=\"color: #000000;\"><em>Pa\u0144stwa prawo w naszych wiernych r\u0119kach<\/em><\/span><\/p>\n<p><\/p>\n<p>&nbsp;<\/p>\n<p style=\"text-align: center;\"><span style=\"color: #999999;\">____________________________________________<\/span><\/p>\n<p>&nbsp;<\/p>\n<p>&nbsp;<\/p>\n<p><a href=\"http:\/\/www.johanna-swist.de\/wpjs\/pl\/kancelaria-2\/\"><img loading=\"lazy\" decoding=\"async\" class=\"Prawo cywilne w Niemczech aligncenter wp-image-7490\" title=\"Prawo cywilne w Niemczech\" src=\"http:\/\/www.johanna-swist.de\/wpjs\/wp-content\/uploads\/2022\/04\/Logo-2-1-300x85.jpg\" alt=\"Prawo cywilne w Niemczech\" width=\"498\" height=\"141\" srcset=\"http:\/\/www.johanna-swist.de\/wpjs\/wp-content\/uploads\/2022\/04\/Logo-2-1-300x85.jpg 300w, http:\/\/www.johanna-swist.de\/wpjs\/wp-content\/uploads\/2022\/04\/Logo-2-1.jpg 337w\" sizes=\"auto, (max-width: 498px) 100vw, 498px\" \/><\/a><\/p>\n<p>&nbsp;<\/p>\n<p>&nbsp;<\/p>\n<p>&nbsp;<\/p>\n<p style=\"text-align: justify;\"><div class=\"specialtext-content-left effect\"><\/p>\n<h3 style=\"text-align: center;\">Prosimy o kontakt!Tel.: <span style=\"color: #1414ff;\">+49 (0) 211 &#8211; 8759\u00a0 8066<\/span><\/h3>\n<p><\/div><\/p>\n<p>&nbsp;<\/p>\n","protected":false},"excerpt":{"rendered":"<p>&nbsp; &nbsp; Prawo cywilne w Niemczech: prawo um\u00f3w i odszkodowa\u0144 &nbsp; ____________________________________________ &nbsp; &nbsp; Nasza oferta: prawo cywilne w Niemczech &nbsp; W przypadku roszcze\u0144 pieni\u0119\u017cnych, regulacji szkody, \u017c\u0105dania wykonania danej czynno\u015bci lub zaniechania konkretnego dzia\u0142ania, czy te\u017c wymagania innego rodzaju<\/p>\n","protected":false},"author":1,"featured_media":275,"parent":0,"menu_order":0,"comment_status":"closed","ping_status":"closed","template":"","meta":{"om_disable_all_campaigns":false,"_monsterinsights_skip_tracking":false,"_monsterinsights_sitenote_active":false,"_monsterinsights_sitenote_note":"","_monsterinsights_sitenote_category":0,"_uf_show_specific_survey":0,"_uf_disable_surveys":false,"footnotes":""},"class_list":["post-1821","page","type-page","status-publish","has-post-thumbnail","hentry"],"yoast_head":"<!-- This site is optimized with the Yoast SEO plugin v27.3 - https:\/\/yoast.com\/product\/yoast-seo-wordpress\/ -->\n<title>Kancelaria w D\u00fcsseldorfie | Prawo cywilne w Niemczech<\/title>\n<meta name=\"description\" content=\"Prawo Cywilne w Niemczech - Adwokat w Niemczech - Prawnik w D\u00fcsseldorf - Kontakt: + 49 (0) 211-8759 8067 lub sekretariat@johanna-swist.de\" \/>\n<meta name=\"robots\" content=\"index, follow, max-snippet:-1, max-image-preview:large, max-video-preview:-1\" \/>\n<link rel=\"canonical\" href=\"http:\/\/www.johanna-swist.de\/wpjs\/pl\/dalsze-dziedziny-prawa\/\" \/>\n<meta property=\"og:locale\" content=\"de_DE\" \/>\n<meta property=\"og:type\" content=\"article\" \/>\n<meta property=\"og:title\" content=\"Kancelaria w D\u00fcsseldorfie | Prawo cywilne w Niemczech\" \/>\n<meta property=\"og:description\" content=\"Prawo Cywilne w Niemczech - Adwokat w Niemczech - Prawnik w D\u00fcsseldorf - Kontakt: + 49 (0) 211-8759 8067 lub sekretariat@johanna-swist.de\" \/>\n<meta property=\"og:url\" content=\"http:\/\/www.johanna-swist.de\/wpjs\/pl\/dalsze-dziedziny-prawa\/\" \/>\n<meta property=\"og:site_name\" content=\"swist.legal\" \/>\n<meta property=\"article:modified_time\" content=\"2022-06-12T13:01:22+00:00\" \/>\n<meta property=\"og:image\" content=\"http:\/\/www.johanna-swist.de\/wpjs\/wp-content\/uploads\/2015\/06\/johannaswist_4081.jpg\" \/>\n\t<meta property=\"og:image:width\" content=\"408\" \/>\n\t<meta property=\"og:image:height\" content=\"269\" \/>\n\t<meta property=\"og:image:type\" content=\"image\/jpeg\" \/>\n<meta name=\"twitter:card\" content=\"summary_large_image\" \/>\n<meta name=\"twitter:label1\" content=\"Gesch\u00e4tzte Lesezeit\" \/>\n\t<meta name=\"twitter:data1\" content=\"3\u00a0Minuten\" \/>\n<script type=\"application\/ld+json\" class=\"yoast-schema-graph\">{\"@context\":\"https:\\\/\\\/schema.org\",\"@graph\":[{\"@type\":\"WebPage\",\"@id\":\"http:\\\/\\\/www.johanna-swist.de\\\/wpjs\\\/pl\\\/dalsze-dziedziny-prawa\\\/\",\"url\":\"http:\\\/\\\/www.johanna-swist.de\\\/wpjs\\\/pl\\\/dalsze-dziedziny-prawa\\\/\",\"name\":\"Kancelaria w D\u00fcsseldorfie | Prawo cywilne w Niemczech\",\"isPartOf\":{\"@id\":\"http:\\\/\\\/www.johanna-swist.de\\\/wpjs\\\/#website\"},\"primaryImageOfPage\":{\"@id\":\"http:\\\/\\\/www.johanna-swist.de\\\/wpjs\\\/pl\\\/dalsze-dziedziny-prawa\\\/#primaryimage\"},\"image\":{\"@id\":\"http:\\\/\\\/www.johanna-swist.de\\\/wpjs\\\/pl\\\/dalsze-dziedziny-prawa\\\/#primaryimage\"},\"thumbnailUrl\":\"http:\\\/\\\/www.johanna-swist.de\\\/wpjs\\\/wp-content\\\/uploads\\\/2015\\\/06\\\/johannaswist_4081.jpg\",\"datePublished\":\"2020-05-02T10:52:51+00:00\",\"dateModified\":\"2022-06-12T13:01:22+00:00\",\"description\":\"Prawo Cywilne w Niemczech - Adwokat w Niemczech - Prawnik w D\u00fcsseldorf - Kontakt: + 49 (0) 211-8759 8067 lub sekretariat@johanna-swist.de\",\"breadcrumb\":{\"@id\":\"http:\\\/\\\/www.johanna-swist.de\\\/wpjs\\\/pl\\\/dalsze-dziedziny-prawa\\\/#breadcrumb\"},\"inLanguage\":\"de\",\"potentialAction\":[{\"@type\":\"ReadAction\",\"target\":[\"http:\\\/\\\/www.johanna-swist.de\\\/wpjs\\\/pl\\\/dalsze-dziedziny-prawa\\\/\"]}]},{\"@type\":\"ImageObject\",\"inLanguage\":\"de\",\"@id\":\"http:\\\/\\\/www.johanna-swist.de\\\/wpjs\\\/pl\\\/dalsze-dziedziny-prawa\\\/#primaryimage\",\"url\":\"http:\\\/\\\/www.johanna-swist.de\\\/wpjs\\\/wp-content\\\/uploads\\\/2015\\\/06\\\/johannaswist_4081.jpg\",\"contentUrl\":\"http:\\\/\\\/www.johanna-swist.de\\\/wpjs\\\/wp-content\\\/uploads\\\/2015\\\/06\\\/johannaswist_4081.jpg\",\"width\":408,\"height\":269,\"caption\":\"Polskoj\u0119zyczny adwokat w Niemczech\"},{\"@type\":\"BreadcrumbList\",\"@id\":\"http:\\\/\\\/www.johanna-swist.de\\\/wpjs\\\/pl\\\/dalsze-dziedziny-prawa\\\/#breadcrumb\",\"itemListElement\":[{\"@type\":\"ListItem\",\"position\":1,\"name\":\"Startseite\",\"item\":\"http:\\\/\\\/www.johanna-swist.de\\\/wpjs\\\/pl\\\/kancelaria-2\\\/\"},{\"@type\":\"ListItem\",\"position\":2,\"name\":\"Windykacja roszcze\u0144 w Niemczech &#8211; prawo cywilne w Niemczech w kompleksowej i szybko zmieniaj\u0105cej si\u0119 rzeczywisto\u015bci&#8230;\"}]},{\"@type\":\"WebSite\",\"@id\":\"http:\\\/\\\/www.johanna-swist.de\\\/wpjs\\\/#website\",\"url\":\"http:\\\/\\\/www.johanna-swist.de\\\/wpjs\\\/\",\"name\":\"swist.legal\",\"description\":\"\",\"publisher\":{\"@id\":\"http:\\\/\\\/www.johanna-swist.de\\\/wpjs\\\/#organization\"},\"potentialAction\":[{\"@type\":\"SearchAction\",\"target\":{\"@type\":\"EntryPoint\",\"urlTemplate\":\"http:\\\/\\\/www.johanna-swist.de\\\/wpjs\\\/?s={search_term_string}\"},\"query-input\":{\"@type\":\"PropertyValueSpecification\",\"valueRequired\":true,\"valueName\":\"search_term_string\"}}],\"inLanguage\":\"de\"},{\"@type\":\"Organization\",\"@id\":\"http:\\\/\\\/www.johanna-swist.de\\\/wpjs\\\/#organization\",\"name\":\"swist.legal\",\"url\":\"http:\\\/\\\/www.johanna-swist.de\\\/wpjs\\\/\",\"logo\":{\"@type\":\"ImageObject\",\"inLanguage\":\"de\",\"@id\":\"http:\\\/\\\/www.johanna-swist.de\\\/wpjs\\\/#\\\/schema\\\/logo\\\/image\\\/\",\"url\":\"http:\\\/\\\/www.johanna-swist.de\\\/wpjs\\\/wp-content\\\/uploads\\\/2022\\\/04\\\/cropped-cropped-Logo-1-1.jpg\",\"contentUrl\":\"http:\\\/\\\/www.johanna-swist.de\\\/wpjs\\\/wp-content\\\/uploads\\\/2022\\\/04\\\/cropped-cropped-Logo-1-1.jpg\",\"width\":512,\"height\":512,\"caption\":\"swist.legal\"},\"image\":{\"@id\":\"http:\\\/\\\/www.johanna-swist.de\\\/wpjs\\\/#\\\/schema\\\/logo\\\/image\\\/\"}}]}<\/script>\n<!-- \/ Yoast SEO plugin. -->","yoast_head_json":{"title":"Kancelaria w D\u00fcsseldorfie | Prawo cywilne w Niemczech","description":"Prawo Cywilne w Niemczech - Adwokat w Niemczech - Prawnik w D\u00fcsseldorf - Kontakt: + 49 (0) 211-8759 8067 lub sekretariat@johanna-swist.de","robots":{"index":"index","follow":"follow","max-snippet":"max-snippet:-1","max-image-preview":"max-image-preview:large","max-video-preview":"max-video-preview:-1"},"canonical":"http:\/\/www.johanna-swist.de\/wpjs\/pl\/dalsze-dziedziny-prawa\/","og_locale":"de_DE","og_type":"article","og_title":"Kancelaria w D\u00fcsseldorfie | Prawo cywilne w Niemczech","og_description":"Prawo Cywilne w Niemczech - Adwokat w Niemczech - Prawnik w D\u00fcsseldorf - Kontakt: + 49 (0) 211-8759 8067 lub sekretariat@johanna-swist.de","og_url":"http:\/\/www.johanna-swist.de\/wpjs\/pl\/dalsze-dziedziny-prawa\/","og_site_name":"swist.legal","article_modified_time":"2022-06-12T13:01:22+00:00","og_image":[{"width":408,"height":269,"url":"http:\/\/www.johanna-swist.de\/wpjs\/wp-content\/uploads\/2015\/06\/johannaswist_4081.jpg","type":"image\/jpeg"}],"twitter_card":"summary_large_image","twitter_misc":{"Gesch\u00e4tzte Lesezeit":"3\u00a0Minuten"},"schema":{"@context":"https:\/\/schema.org","@graph":[{"@type":"WebPage","@id":"http:\/\/www.johanna-swist.de\/wpjs\/pl\/dalsze-dziedziny-prawa\/","url":"http:\/\/www.johanna-swist.de\/wpjs\/pl\/dalsze-dziedziny-prawa\/","name":"Kancelaria w D\u00fcsseldorfie | Prawo cywilne w Niemczech","isPartOf":{"@id":"http:\/\/www.johanna-swist.de\/wpjs\/#website"},"primaryImageOfPage":{"@id":"http:\/\/www.johanna-swist.de\/wpjs\/pl\/dalsze-dziedziny-prawa\/#primaryimage"},"image":{"@id":"http:\/\/www.johanna-swist.de\/wpjs\/pl\/dalsze-dziedziny-prawa\/#primaryimage"},"thumbnailUrl":"http:\/\/www.johanna-swist.de\/wpjs\/wp-content\/uploads\/2015\/06\/johannaswist_4081.jpg","datePublished":"2020-05-02T10:52:51+00:00","dateModified":"2022-06-12T13:01:22+00:00","description":"Prawo Cywilne w Niemczech - Adwokat w Niemczech - Prawnik w D\u00fcsseldorf - Kontakt: + 49 (0) 211-8759 8067 lub sekretariat@johanna-swist.de","breadcrumb":{"@id":"http:\/\/www.johanna-swist.de\/wpjs\/pl\/dalsze-dziedziny-prawa\/#breadcrumb"},"inLanguage":"de","potentialAction":[{"@type":"ReadAction","target":["http:\/\/www.johanna-swist.de\/wpjs\/pl\/dalsze-dziedziny-prawa\/"]}]},{"@type":"ImageObject","inLanguage":"de","@id":"http:\/\/www.johanna-swist.de\/wpjs\/pl\/dalsze-dziedziny-prawa\/#primaryimage","url":"http:\/\/www.johanna-swist.de\/wpjs\/wp-content\/uploads\/2015\/06\/johannaswist_4081.jpg","contentUrl":"http:\/\/www.johanna-swist.de\/wpjs\/wp-content\/uploads\/2015\/06\/johannaswist_4081.jpg","width":408,"height":269,"caption":"Polskoj\u0119zyczny adwokat w Niemczech"},{"@type":"BreadcrumbList","@id":"http:\/\/www.johanna-swist.de\/wpjs\/pl\/dalsze-dziedziny-prawa\/#breadcrumb","itemListElement":[{"@type":"ListItem","position":1,"name":"Startseite","item":"http:\/\/www.johanna-swist.de\/wpjs\/pl\/kancelaria-2\/"},{"@type":"ListItem","position":2,"name":"Windykacja roszcze\u0144 w Niemczech &#8211; prawo cywilne w Niemczech w kompleksowej i szybko zmieniaj\u0105cej si\u0119 rzeczywisto\u015bci&#8230;"}]},{"@type":"WebSite","@id":"http:\/\/www.johanna-swist.de\/wpjs\/#website","url":"http:\/\/www.johanna-swist.de\/wpjs\/","name":"swist.legal","description":"","publisher":{"@id":"http:\/\/www.johanna-swist.de\/wpjs\/#organization"},"potentialAction":[{"@type":"SearchAction","target":{"@type":"EntryPoint","urlTemplate":"http:\/\/www.johanna-swist.de\/wpjs\/?s={search_term_string}"},"query-input":{"@type":"PropertyValueSpecification","valueRequired":true,"valueName":"search_term_string"}}],"inLanguage":"de"},{"@type":"Organization","@id":"http:\/\/www.johanna-swist.de\/wpjs\/#organization","name":"swist.legal","url":"http:\/\/www.johanna-swist.de\/wpjs\/","logo":{"@type":"ImageObject","inLanguage":"de","@id":"http:\/\/www.johanna-swist.de\/wpjs\/#\/schema\/logo\/image\/","url":"http:\/\/www.johanna-swist.de\/wpjs\/wp-content\/uploads\/2022\/04\/cropped-cropped-Logo-1-1.jpg","contentUrl":"http:\/\/www.johanna-swist.de\/wpjs\/wp-content\/uploads\/2022\/04\/cropped-cropped-Logo-1-1.jpg","width":512,"height":512,"caption":"swist.legal"},"image":{"@id":"http:\/\/www.johanna-swist.de\/wpjs\/#\/schema\/logo\/image\/"}}]}},"_links":{"self":[{"href":"http:\/\/www.johanna-swist.de\/wpjs\/wp-json\/wp\/v2\/pages\/1821","targetHints":{"allow":["GET"]}}],"collection":[{"href":"http:\/\/www.johanna-swist.de\/wpjs\/wp-json\/wp\/v2\/pages"}],"about":[{"href":"http:\/\/www.johanna-swist.de\/wpjs\/wp-json\/wp\/v2\/types\/page"}],"author":[{"embeddable":true,"href":"http:\/\/www.johanna-swist.de\/wpjs\/wp-json\/wp\/v2\/users\/1"}],"replies":[{"embeddable":true,"href":"http:\/\/www.johanna-swist.de\/wpjs\/wp-json\/wp\/v2\/comments?post=1821"}],"version-history":[{"count":95,"href":"http:\/\/www.johanna-swist.de\/wpjs\/wp-json\/wp\/v2\/pages\/1821\/revisions"}],"predecessor-version":[{"id":7576,"href":"http:\/\/www.johanna-swist.de\/wpjs\/wp-json\/wp\/v2\/pages\/1821\/revisions\/7576"}],"wp:featuredmedia":[{"embeddable":true,"href":"http:\/\/www.johanna-swist.de\/wpjs\/wp-json\/wp\/v2\/media\/275"}],"wp:attachment":[{"href":"http:\/\/www.johanna-swist.de\/wpjs\/wp-json\/wp\/v2\/media?parent=1821"}],"curies":[{"name":"wp","href":"https:\/\/api.w.org\/{rel}","templated":true}]}}